{"id":92,"date":"2014-04-05T08:10:20","date_gmt":"2014-04-05T08:10:20","guid":{"rendered":"http:\/\/musgerbil.dk\/?page_id=92"},"modified":"2022-02-17T23:49:29","modified_gmt":"2022-02-17T22:49:29","slug":"titelregistrering","status":"publish","type":"page","link":"https:\/\/musgerbil.dk\/?page_id=92","title":{"rendered":"Titelregistrering"},"content":{"rendered":"<p><span style=\"font-family: Times New Roman, serif\"><span style=\"font-size: medium\"><b>Titler som kan opn\u00e5s i DMG og p\u00e5f\u00f8res stamtavlen:<\/b><\/span><\/span><\/p>\n<p><span style=\"font-family: Times New Roman, serif\"><span style=\"font-size: medium\"><b>Promising <\/b>tildeles til <u>juniorer ved 87, 88 eller 89<\/u> i f\u00f8lgende tre klasser:<br \/>\nStandard Promising = PR<br \/>\nSj\u00e6lden Variant Promising = PRsv<br \/>\nK\u00e6ledyr Promising = PRp<br \/>\nPromising p\u00e5f\u00f8res kun stamtavle, hvis \u00f8nsket. Ikke Cert-givende.<br \/>\n<\/span><\/span><\/p>\n<p><span style=\"font-family: Times New Roman, serif\"><span style=\"font-size: medium\"><b>Champion<\/b> gives i 4 klasser, henholdsvis junior og senior:<br \/>\n<span lang=\"en-US\">90-100 point = Champion = 1 Cert<br \/>\nChampion = CH.<\/span><br \/>\nStandard Champion = jrCH og CH<br \/>\nSj\u00e6lden Variant Champion= jrCHsv og CHsv<br \/>\nK\u00e6ledyr Champion: jrCHp og CHp<br \/>\nB\u00f8rnedyr Champion: jrCHb og CHb<\/span><\/span><\/p>\n<p><span style=\"font-family: Times New Roman, serif\"><span style=\"font-size: medium\"><b>Grand Champion<\/b> gives ved 3 cert\u2019er i samme klasse, hvoraf max. 1 m\u00e5 v\u00e6re junior cert.<br \/>\n<span lang=\"en-US\">Standard Grand Champion: GRCH<br \/>\nSj\u00e6lden Variant&nbsp;Grand Champion: GRCHsv<br \/>\nK\u00e6ledyr&nbsp;Grand Champion: GRCHp<br \/>\nB\u00f8rnedyr Grand Champion: GRCHb<\/span><\/span><\/span><\/p>\n<p><span style=\"font-family: Times New Roman, serif\"><span style=\"font-size: medium\">Derudover er der i DMG en international titel til de dyr, som udstilles i udlandet.<\/span><\/span><\/p>\n<p><span style=\"font-family: Times New Roman, serif\"><span style=\"font-size: medium\"><b>International Premie<\/b> kan gives, ved opn\u00e5else af 3 cert\u2019er i tre lande i Standard.&nbsp; Cert\u2019er i Standard til opn\u00e5else af Grand Champion kan ikke genbruges til opn\u00e5else af denne titel.<br \/>\nStandard International Premie = IntPr<\/span><\/span><\/p>\n<p><span style=\"font-family: Times New Roman, serif\"><span style=\"font-size: medium\"><b>\u00c5rets bedste<\/b><br \/>\nHvert \u00e5r k\u00e5res der en \u00e5rets bedste b\u00f8rnedyr, \u00f8rkenrotte, mus og sj\u00e6ldne arter.<br \/>\n<span lang=\"en-US\">L\u00e6s mere under <\/span><span style=\"color: #0000ff\"><u><a href=\"https:\/\/musgerbil.dk\/?page_id=4125\" target=\"Pointjagt\" rel=\"noopener noreferrer\"><span lang=\"en-US\">Pointjagt<\/span><\/a><\/u><\/span><span lang=\"en-US\">.<\/span><\/span><\/span><\/p>\n<p><span style=\"font-family: Times New Roman, serif\"><span style=\"font-size: medium\"><span lang=\"en-US\"><u>Best of Year B\u00f8rnedyr:<br \/>\nBOYb<\/u><\/span><span lang=\"en-US\">(\u00e5rstal)<\/span><\/span><\/span><\/p>\n<p><u>Best of Year standard mus:<\/u><br \/>\nBOYstM(\u00e5rstal)<br \/>\n<u>Best of the Year sj\u00e6lden variant mus:<\/u><br \/>\nBOYsvM(\u00e5rstal)<br \/>\n<u>Best of Year pet mus:<\/u><br \/>\nBOYpM(\u00e5rstal)<\/p>\n<p><span style=\"font-family: Times New Roman, serif\"><span style=\"font-size: medium\"><span lang=\"en-US\"><u>Best of Year standard \u00f8rkenrotte:<\/u><\/span><span lang=\"en-US\"><br \/>\nBOYstG(\u00e5rstal)<br \/>\n<\/span><span lang=\"en-US\"><u>Best of Year sj\u00e6lden variant \u00f8rkenrotte:<\/u><\/span><span lang=\"en-US\"><br \/>\nBOYsvG(\u00e5rstal)<br \/>\n<\/span><span lang=\"en-US\"><u>Best of Year pet \u00f8rkenrotte:<\/u><\/span><span lang=\"en-US\"><br \/>\nBOYpG(\u00e5rstal)<\/span><\/span><\/span><\/p>\n<p><span style=\"font-family: Times New Roman, serif\"><span style=\"font-size: medium\"><span lang=\"en-US\"><u>Best of Year pet sj\u00e6ldne arter:<\/u><\/span><span lang=\"en-US\"><br \/>\nBOYpSA(\u00e5rstal)<\/span><\/span><\/span><\/p>\n","protected":false},"excerpt":{"rendered":"<p>Titler som kan opn\u00e5s i DMG og p\u00e5f\u00f8res stamtavlen: Promising tildeles til juniorer ved 87, 88 eller 89 i f\u00f8lgende tre klasser: Standard Promising = PR Sj\u00e6lden Variant Promising = [&hellip;]<\/p>\n","protected":false},"author":1,"featured_media":0,"parent":34,"menu_order":0,"comment_status":"closed","ping_status":"closed","template":"","meta":{"site-sidebar-layout":"default","site-content-layout":"","ast-site-content-layout":"","site-content-style":"default","site-sidebar-style":"default","ast-global-header-display":"","ast-banner-title-visibility":"","ast-main-header-display":"","ast-hfb-above-header-display":"","ast-hfb-below-header-display":"","ast-hfb-mobile-header-display":"","site-post-title":"","ast-breadcrumbs-content":"","ast-featured-img":"","footer-sml-layout":"","theme-transparent-header-meta":"","adv-header-id-meta":"","stick-header-meta":"","header-above-stick-meta":"","header-main-stick-meta":"","header-below-stick-meta":"","astra-migrate-meta-layouts":"default","ast-page-background-enabled":"default","ast-page-background-meta":{"desktop":{"background-color":"var(--ast-global-color-4)","background-image":"","background-repeat":"repeat","background-position":"center center","background-size":"auto","background-attachment":"scroll","background-type":"","background-media":"","overlay-type":"","overlay-color":"","overlay-opacity":"","overlay-gradient":""},"tablet":{"background-color":"","background-image":"","background-repeat":"repeat","background-position":"center center","background-size":"auto","background-attachment":"scroll","background-type":"","background-media":"","overlay-type":"","overlay-color":"","overlay-opacity":"","overlay-gradient":""},"mobile":{"background-color":"","background-image":"","background-repeat":"repeat","background-position":"center center","background-size":"auto","background-attachment":"scroll","background-type":"","background-media":"","overlay-type":"","overlay-color":"","overlay-opacity":"","overlay-gradient":""}},"ast-content-background-meta":{"desktop":{"background-color":"var(--ast-global-color-5)","background-image":"","background-repeat":"repeat","background-position":"center center","background-size":"auto","background-attachment":"scroll","background-type":"","background-media":"","overlay-type":"","overlay-color":"","overlay-opacity":"","overlay-gradient":""},"tablet":{"background-color":"var(--ast-global-color-5)","background-image":"","background-repeat":"repeat","background-position":"center center","background-size":"auto","background-attachment":"scroll","background-type":"","background-media":"","overlay-type":"","overlay-color":"","overlay-opacity":"","overlay-gradient":""},"mobile":{"background-color":"var(--ast-global-color-5)","background-image":"","background-repeat":"repeat","background-position":"center center","background-size":"auto","background-attachment":"scroll","background-type":"","background-media":"","overlay-type":"","overlay-color":"","overlay-opacity":"","overlay-gradient":""}},"ngg_post_thumbnail":0,"footnotes":""},"class_list":["post-92","page","type-page","status-publish","hentry"],"_links":{"self":[{"href":"https:\/\/musgerbil.dk\/index.php?rest_route=\/wp\/v2\/pages\/92"}],"collection":[{"href":"https:\/\/musgerbil.dk\/index.php?rest_route=\/wp\/v2\/pages"}],"about":[{"href":"https:\/\/musgerbil.dk\/index.php?rest_route=\/wp\/v2\/types\/page"}],"author":[{"embeddable":true,"href":"https:\/\/musgerbil.dk\/index.php?rest_route=\/wp\/v2\/users\/1"}],"replies":[{"embeddable":true,"href":"https:\/\/musgerbil.dk\/index.php?rest_route=%2Fwp%2Fv2%2Fcomments&post=92"}],"version-history":[{"count":20,"href":"https:\/\/musgerbil.dk\/index.php?rest_route=\/wp\/v2\/pages\/92\/revisions"}],"predecessor-version":[{"id":11451,"href":"https:\/\/musgerbil.dk\/index.php?rest_route=\/wp\/v2\/pages\/92\/revisions\/11451"}],"up":[{"embeddable":true,"href":"https:\/\/musgerbil.dk\/index.php?rest_route=\/wp\/v2\/pages\/34"}],"wp:attachment":[{"href":"https:\/\/musgerbil.dk\/index.php?rest_route=%2Fwp%2Fv2%2Fmedia&parent=92"}],"curies":[{"name":"wp","href":"https:\/\/api.w.org\/{rel}","templated":true}]}}