{"id":9142,"date":"2018-11-30T13:20:52","date_gmt":"2018-11-30T12:20:52","guid":{"rendered":"http:\/\/musgerbil.dk\/?page_id=9142"},"modified":"2022-02-17T23:48:48","modified_gmt":"2022-02-17T22:48:48","slug":"afrikansk-pygmaemus-buret","status":"publish","type":"page","link":"https:\/\/musgerbil.dk\/?page_id=9142","title":{"rendered":"Afrikansk Pygm\u00e6mus &#8211; Buret"},"content":{"rendered":"<p>Pygm\u00e6 mus kan ikke holdes i traditionelle tremme bure, da de er s\u00e5 sm\u00e5, at de n\u00e6sten helt sikkert vil kunne finde en udvej. Et akvarie med fintmasket netl\u00e5g eller et terrarie fungerer fint. Bare husk at der ikke m\u00e5 v\u00e6re nogen huller p\u00e5 mere end 0,5 cm.<\/p>\n<p>Anbefalet st\u00f8rrelse er minimum det der svarer til et 60 liters akvarium (50x40x30 cm) til et par eller trio. Gerne st\u00f8rre, da det er nemmere at indrette med et tykt lag bundmateriale og klatremuligheder.&nbsp;<\/p>\n<p>Buret skal st\u00e5 i stuetemperatur, alts\u00e5 ikke for koldt og ikke i direkte sollys.<\/p>\n<p>Bundlaget skal v\u00e6re s\u00e5 st\u00f8vfrit som muligt. F.eks hempsp\u00e5ner, Carefresh eller Boxo comfort, gerne en blanding her af. Tykkelsen p\u00e5 bundlaget skal v\u00e6re omkring de 10 cm., s\u00e5 de har mulighed for at grave og gemme sig. Pygm\u00e6 mus er s\u00e5 godt som lugtfri og buret beh\u00f8ver kun reng\u00f8res hver 3. \u2013 4. uge, alt efter hvor mange mus man har og hvor stort buret er.<\/p>\n<p>Indret buret med klatregrene og andre natur materialer. De skal ogs\u00e5 have noget fint \u201dengh\u00f8\u201d til at bygge huler af. Deres egne byggede huler, er at foretr\u00e6kke, da der ikke dannes kondens p\u00e5 samme m\u00e5de, som der kan g\u00f8re i k\u00f8be huler, uanset det er tr\u00e6 eller plastik. Husk sm\u00e5 stenene.<\/p>\n","protected":false},"excerpt":{"rendered":"<p>Pygm\u00e6 mus kan ikke holdes i traditionelle tremme bure, da de er s\u00e5 sm\u00e5, at de n\u00e6sten helt sikkert vil kunne finde en udvej. Et akvarie med fintmasket netl\u00e5g eller [&hellip;]<\/p>\n","protected":false},"author":114,"featured_media":0,"parent":8772,"menu_order":0,"comment_status":"closed","ping_status":"closed","template":"","meta":{"site-sidebar-layout":"default","site-content-layout":"","ast-site-content-layout":"","site-content-style":"default","site-sidebar-style":"default","ast-global-header-display":"","ast-banner-title-visibility":"","ast-main-header-display":"","ast-hfb-above-header-display":"","ast-hfb-below-header-display":"","ast-hfb-mobile-header-display":"","site-post-title":"","ast-breadcrumbs-content":"","ast-featured-img":"","footer-sml-layout":"","theme-transparent-header-meta":"","adv-header-id-meta":"","stick-header-meta":"","header-above-stick-meta":"","header-main-stick-meta":"","header-below-stick-meta":"","astra-migrate-meta-layouts":"default","ast-page-background-enabled":"default","ast-page-background-meta":{"desktop":{"background-color":"var(--ast-global-color-4)","background-image":"","background-repeat":"repeat","background-position":"center center","background-size":"auto","background-attachment":"scroll","background-type":"","background-media":"","overlay-type":"","overlay-color":"","overlay-opacity":"","overlay-gradient":""},"tablet":{"background-color":"","background-image":"","background-repeat":"repeat","background-position":"center center","background-size":"auto","background-attachment":"scroll","background-type":"","background-media":"","overlay-type":"","overlay-color":"","overlay-opacity":"","overlay-gradient":""},"mobile":{"background-color":"","background-image":"","background-repeat":"repeat","background-position":"center center","background-size":"auto","background-attachment":"scroll","background-type":"","background-media":"","overlay-type":"","overlay-color":"","overlay-opacity":"","overlay-gradient":""}},"ast-content-background-meta":{"desktop":{"background-color":"var(--ast-global-color-5)","background-image":"","background-repeat":"repeat","background-position":"center center","background-size":"auto","background-attachment":"scroll","background-type":"","background-media":"","overlay-type":"","overlay-color":"","overlay-opacity":"","overlay-gradient":""},"tablet":{"background-color":"var(--ast-global-color-5)","background-image":"","background-repeat":"repeat","background-position":"center center","background-size":"auto","background-attachment":"scroll","background-type":"","background-media":"","overlay-type":"","overlay-color":"","overlay-opacity":"","overlay-gradient":""},"mobile":{"background-color":"var(--ast-global-color-5)","background-image":"","background-repeat":"repeat","background-position":"center center","background-size":"auto","background-attachment":"scroll","background-type":"","background-media":"","overlay-type":"","overlay-color":"","overlay-opacity":"","overlay-gradient":""}},"ngg_post_thumbnail":0,"footnotes":""},"class_list":["post-9142","page","type-page","status-publish","hentry"],"_links":{"self":[{"href":"https:\/\/musgerbil.dk\/index.php?rest_route=\/wp\/v2\/pages\/9142"}],"collection":[{"href":"https:\/\/musgerbil.dk\/index.php?rest_route=\/wp\/v2\/pages"}],"about":[{"href":"https:\/\/musgerbil.dk\/index.php?rest_route=\/wp\/v2\/types\/page"}],"author":[{"embeddable":true,"href":"https:\/\/musgerbil.dk\/index.php?rest_route=\/wp\/v2\/users\/114"}],"replies":[{"embeddable":true,"href":"https:\/\/musgerbil.dk\/index.php?rest_route=%2Fwp%2Fv2%2Fcomments&post=9142"}],"version-history":[{"count":1,"href":"https:\/\/musgerbil.dk\/index.php?rest_route=\/wp\/v2\/pages\/9142\/revisions"}],"predecessor-version":[{"id":9143,"href":"https:\/\/musgerbil.dk\/index.php?rest_route=\/wp\/v2\/pages\/9142\/revisions\/9143"}],"up":[{"embeddable":true,"href":"https:\/\/musgerbil.dk\/index.php?rest_route=\/wp\/v2\/pages\/8772"}],"wp:attachment":[{"href":"https:\/\/musgerbil.dk\/index.php?rest_route=%2Fwp%2Fv2%2Fmedia&parent=9142"}],"curies":[{"name":"wp","href":"https:\/\/api.w.org\/{rel}","templated":true}]}}