{"id":862,"date":"2014-04-06T13:31:07","date_gmt":"2014-04-06T13:31:07","guid":{"rendered":"http:\/\/musgerbil.dk\/?page_id=862"},"modified":"2022-02-17T23:49:08","modified_gmt":"2022-02-17T22:49:08","slug":"schimmel","status":"publish","type":"page","link":"https:\/\/musgerbil.dk\/?page_id=862","title":{"rendered":"Schimmel &#8211; \u00d8rkenrotte"},"content":{"rendered":"<p><strong>Genetik<\/strong>: e(f)e(f)<br \/>\n<strong>Grundfarve<\/strong>: Orange\/gul som ungdyr. Minder om en nutmeg uden tipning. Ved 8-10 ugers alderen ved f\u00e6ldes farven og begynder at lysne. Bliver aldrig rigtig hvid, men forbliver en lys cremegul farve p\u00e5 kroppen. Den orange\/gul farve samler sig p\u00e5 n\u00e6se og hale.<br \/>\n<strong>Underfarve<\/strong>: Gulagtig.<br \/>\n<strong>Tipning<\/strong>: Orange\/gul \u2013 kun hos ungdyr<br \/>\n<strong>Mavefarve<\/strong>: Samme som grundfarven.<br \/>\n<strong>Hale<\/strong>: Orange og hvide h\u00e5r mikset<br \/>\n<strong>T\u00e6er og kl\u00f8er<\/strong>: Svagt orange med ufarvede kl\u00f8er.<br \/>\n<strong>Knurh\u00e5r<\/strong>: Hvide<br \/>\n<strong>\u00d8jne<\/strong>: Sorte<br \/>\n<strong>\u00d8rer<\/strong>: m\u00f8rke med hvid pels<br \/>\n<strong>\u00d8vrigt<\/strong>: Huden p\u00e5 n\u00e6se, \u00f8rer og k\u00f8nsorganer er m\u00f8rkere.<\/p>\n<p><strong>Udstillingsvariant<\/strong>: Sj\u00e6lden Variant<\/p>\n","protected":false},"excerpt":{"rendered":"<p>Genetik: e(f)e(f) Grundfarve: Orange\/gul som ungdyr. Minder om en nutmeg uden tipning. Ved 8-10 ugers alderen ved f\u00e6ldes farven og begynder at lysne. Bliver aldrig rigtig hvid, men forbliver en [&hellip;]<\/p>\n","protected":false},"author":1,"featured_media":0,"parent":152,"menu_order":35,"comment_status":"closed","ping_status":"closed","template":"","meta":{"site-sidebar-layout":"default","site-content-layout":"","ast-site-content-layout":"","site-content-style":"default","site-sidebar-style":"default","ast-global-header-display":"","ast-banner-title-visibility":"","ast-main-header-display":"","ast-hfb-above-header-display":"","ast-hfb-below-header-display":"","ast-hfb-mobile-header-display":"","site-post-title":"","ast-breadcrumbs-content":"","ast-featured-img":"","footer-sml-layout":"","theme-transparent-header-meta":"","adv-header-id-meta":"","stick-header-meta":"","header-above-stick-meta":"","header-main-stick-meta":"","header-below-stick-meta":"","astra-migrate-meta-layouts":"default","ast-page-background-enabled":"default","ast-page-background-meta":{"desktop":{"background-color":"var(--ast-global-color-4)","background-image":"","background-repeat":"repeat","background-position":"center center","background-size":"auto","background-attachment":"scroll","background-type":"","background-media":"","overlay-type":"","overlay-color":"","overlay-opacity":"","overlay-gradient":""},"tablet":{"background-color":"","background-image":"","background-repeat":"repeat","background-position":"center center","background-size":"auto","background-attachment":"scroll","background-type":"","background-media":"","overlay-type":"","overlay-color":"","overlay-opacity":"","overlay-gradient":""},"mobile":{"background-color":"","background-image":"","background-repeat":"repeat","background-position":"center center","background-size":"auto","background-attachment":"scroll","background-type":"","background-media":"","overlay-type":"","overlay-color":"","overlay-opacity":"","overlay-gradient":""}},"ast-content-background-meta":{"desktop":{"background-color":"var(--ast-global-color-5)","background-image":"","background-repeat":"repeat","background-position":"center center","background-size":"auto","background-attachment":"scroll","background-type":"","background-media":"","overlay-type":"","overlay-color":"","overlay-opacity":"","overlay-gradient":""},"tablet":{"background-color":"var(--ast-global-color-5)","background-image":"","background-repeat":"repeat","background-position":"center center","background-size":"auto","background-attachment":"scroll","background-type":"","background-media":"","overlay-type":"","overlay-color":"","overlay-opacity":"","overlay-gradient":""},"mobile":{"background-color":"var(--ast-global-color-5)","background-image":"","background-repeat":"repeat","background-position":"center center","background-size":"auto","background-attachment":"scroll","background-type":"","background-media":"","overlay-type":"","overlay-color":"","overlay-opacity":"","overlay-gradient":""}},"ngg_post_thumbnail":0,"footnotes":""},"class_list":["post-862","page","type-page","status-publish","hentry"],"_links":{"self":[{"href":"https:\/\/musgerbil.dk\/index.php?rest_route=\/wp\/v2\/pages\/862"}],"collection":[{"href":"https:\/\/musgerbil.dk\/index.php?rest_route=\/wp\/v2\/pages"}],"about":[{"href":"https:\/\/musgerbil.dk\/index.php?rest_route=\/wp\/v2\/types\/page"}],"author":[{"embeddable":true,"href":"https:\/\/musgerbil.dk\/index.php?rest_route=\/wp\/v2\/users\/1"}],"replies":[{"embeddable":true,"href":"https:\/\/musgerbil.dk\/index.php?rest_route=%2Fwp%2Fv2%2Fcomments&post=862"}],"version-history":[{"count":7,"href":"https:\/\/musgerbil.dk\/index.php?rest_route=\/wp\/v2\/pages\/862\/revisions"}],"predecessor-version":[{"id":9934,"href":"https:\/\/musgerbil.dk\/index.php?rest_route=\/wp\/v2\/pages\/862\/revisions\/9934"}],"up":[{"embeddable":true,"href":"https:\/\/musgerbil.dk\/index.php?rest_route=\/wp\/v2\/pages\/152"}],"wp:attachment":[{"href":"https:\/\/musgerbil.dk\/index.php?rest_route=%2Fwp%2Fv2%2Fmedia&parent=862"}],"curies":[{"name":"wp","href":"https:\/\/api.w.org\/{rel}","templated":true}]}}