{"id":790,"date":"2014-04-06T13:04:10","date_gmt":"2014-04-06T13:04:10","guid":{"rendered":"http:\/\/musgerbil.dk\/?page_id=790"},"modified":"2022-02-17T23:49:08","modified_gmt":"2022-02-17T22:49:08","slug":"diluted-agouti","status":"publish","type":"page","link":"https:\/\/musgerbil.dk\/?page_id=790","title":{"rendered":"Diluted agouti &#8211; \u00d8rkenrotte"},"content":{"rendered":"<p><strong>Genetik<\/strong>: <em>A_ dd<\/em><br \/>\n<strong>Grundfarve<\/strong>: Lysbrun med orange tone. En smal linje med lys brungul utipped pels skal findes ved gr\u00e6nsen af grund- og mavefarve. Brungrul ikke ticked pels p\u00e5 ydersiden af l\u00e5r og forben.<br \/>\n<strong>Bundfarve<\/strong>: Bl\u00e5gr\u00e5. Bundfarve skal findes p\u00e5 kroppen p\u00e5 n\u00e6r \u00f8rer, t\u00e6r og hale.<br \/>\n<strong>Ticking<\/strong>: Bl\u00e5gr\u00e5, kraftig.<br \/>\n<strong>Mavefarve<\/strong>: Offwhite mod hvid<br \/>\n<strong>Sidemarkering<\/strong>: En skarp og lige linje markeret p\u00e5 begge sider mellem grundfarve og mavefarve.<br \/>\n<strong>Hale<\/strong>: Lysbrun, ticked som en \u00e5l. Tickingen skal starte ved haleroden og slutte i en tot med lange bl\u00e5gr\u00e5 h\u00e5rstr\u00e5. Undersiden skal v\u00e6re lysbrun uden tipning.<br \/>\n<strong>T\u00e6r og kl\u00f8er<\/strong>: Lyse orangebrune t\u00e6r, Brunlige kl\u00f8er.<br \/>\n<strong>Knurh\u00e5r<\/strong>: Sorte, gr\u00e5 og hvide str\u00e5 blandet.<br \/>\n<strong>\u00d8jne<\/strong>: Sorte, omridset af lys ikke ticked pels.<br \/>\n<strong>\u00d8rer<\/strong>: orangebrune og uden ticking.<\/p>\n<p><strong>Udstillingsvariant<\/strong>: Sj\u00e6lden Variant<\/p>\n","protected":false},"excerpt":{"rendered":"<p>Genetik: A_ dd Grundfarve: Lysbrun med orange tone. En smal linje med lys brungul utipped pels skal findes ved gr\u00e6nsen af grund- og mavefarve. Brungrul ikke ticked pels p\u00e5 ydersiden [&hellip;]<\/p>\n","protected":false},"author":1,"featured_media":0,"parent":152,"menu_order":2,"comment_status":"closed","ping_status":"closed","template":"","meta":{"site-sidebar-layout":"default","site-content-layout":"","ast-site-content-layout":"","site-content-style":"default","site-sidebar-style":"default","ast-global-header-display":"","ast-banner-title-visibility":"","ast-main-header-display":"","ast-hfb-above-header-display":"","ast-hfb-below-header-display":"","ast-hfb-mobile-header-display":"","site-post-title":"","ast-breadcrumbs-content":"","ast-featured-img":"","footer-sml-layout":"","theme-transparent-header-meta":"","adv-header-id-meta":"","stick-header-meta":"","header-above-stick-meta":"","header-main-stick-meta":"","header-below-stick-meta":"","astra-migrate-meta-layouts":"default","ast-page-background-enabled":"default","ast-page-background-meta":{"desktop":{"background-color":"var(--ast-global-color-4)","background-image":"","background-repeat":"repeat","background-position":"center center","background-size":"auto","background-attachment":"scroll","background-type":"","background-media":"","overlay-type":"","overlay-color":"","overlay-opacity":"","overlay-gradient":""},"tablet":{"background-color":"","background-image":"","background-repeat":"repeat","background-position":"center center","background-size":"auto","background-attachment":"scroll","background-type":"","background-media":"","overlay-type":"","overlay-color":"","overlay-opacity":"","overlay-gradient":""},"mobile":{"background-color":"","background-image":"","background-repeat":"repeat","background-position":"center center","background-size":"auto","background-attachment":"scroll","background-type":"","background-media":"","overlay-type":"","overlay-color":"","overlay-opacity":"","overlay-gradient":""}},"ast-content-background-meta":{"desktop":{"background-color":"var(--ast-global-color-5)","background-image":"","background-repeat":"repeat","background-position":"center center","background-size":"auto","background-attachment":"scroll","background-type":"","background-media":"","overlay-type":"","overlay-color":"","overlay-opacity":"","overlay-gradient":""},"tablet":{"background-color":"var(--ast-global-color-5)","background-image":"","background-repeat":"repeat","background-position":"center center","background-size":"auto","background-attachment":"scroll","background-type":"","background-media":"","overlay-type":"","overlay-color":"","overlay-opacity":"","overlay-gradient":""},"mobile":{"background-color":"var(--ast-global-color-5)","background-image":"","background-repeat":"repeat","background-position":"center center","background-size":"auto","background-attachment":"scroll","background-type":"","background-media":"","overlay-type":"","overlay-color":"","overlay-opacity":"","overlay-gradient":""}},"ngg_post_thumbnail":0,"footnotes":""},"class_list":["post-790","page","type-page","status-publish","hentry"],"_links":{"self":[{"href":"https:\/\/musgerbil.dk\/index.php?rest_route=\/wp\/v2\/pages\/790"}],"collection":[{"href":"https:\/\/musgerbil.dk\/index.php?rest_route=\/wp\/v2\/pages"}],"about":[{"href":"https:\/\/musgerbil.dk\/index.php?rest_route=\/wp\/v2\/types\/page"}],"author":[{"embeddable":true,"href":"https:\/\/musgerbil.dk\/index.php?rest_route=\/wp\/v2\/users\/1"}],"replies":[{"embeddable":true,"href":"https:\/\/musgerbil.dk\/index.php?rest_route=%2Fwp%2Fv2%2Fcomments&post=790"}],"version-history":[{"count":10,"href":"https:\/\/musgerbil.dk\/index.php?rest_route=\/wp\/v2\/pages\/790\/revisions"}],"predecessor-version":[{"id":9928,"href":"https:\/\/musgerbil.dk\/index.php?rest_route=\/wp\/v2\/pages\/790\/revisions\/9928"}],"up":[{"embeddable":true,"href":"https:\/\/musgerbil.dk\/index.php?rest_route=\/wp\/v2\/pages\/152"}],"wp:attachment":[{"href":"https:\/\/musgerbil.dk\/index.php?rest_route=%2Fwp%2Fv2%2Fmedia&parent=790"}],"curies":[{"name":"wp","href":"https:\/\/api.w.org\/{rel}","templated":true}]}}