{"id":4130,"date":"2014-11-06T08:44:59","date_gmt":"2014-11-06T08:44:59","guid":{"rendered":"http:\/\/musgerbil.dk\/?page_id=4130"},"modified":"2022-02-17T23:48:55","modified_gmt":"2022-02-17T22:48:55","slug":"typestandard","status":"publish","type":"page","link":"https:\/\/musgerbil.dk\/?page_id=4130","title":{"rendered":"Typestandard"},"content":{"rendered":"<p>P\u00e5 <a href=\"https:\/\/musgerbil.dk\/?page_id=4622%20\" target=\"_blank\" rel=\"noopener\">denne side<\/a> kan DMG-medlemmer hente de samlede standarder for Sj\u00e6ldne arter som pdf.<\/p>\n<p><strong>Typestandard for Fedthalemus<\/strong><\/p>\n<p><strong>Kroppen<br \/>\n<\/strong>Kroppen skal have oval form set oppefra og skal v\u00e6re kraftig uden at blive solid eller fed. Set fra siden b\u00e6res bagkroppen ofte lavere end skuldrene, selvom forbenene er kortere end bagbenene.<br \/>\nSkal have en tyngde i proportioner til kroppen, m\u00e5 ikke virke firkantet i udtryk.<\/p>\n<p><strong>Hoved<br \/>\n<\/strong>Hovedet skal v\u00e6re sat p\u00e5 en kort bred hals. Skal v\u00e6re bredt og kort skal ideelt set fremst\u00e5 som ligesiddet trekant set oppefra.\u00a0 I profil skal hovedet have en tydelig konveks linje fra n\u00e6sen op over \u00f8jnene og som s\u00e5 flader ud fra panden op til mellem \u00f8rerne.<br \/>\nHovedet skal have en bred base mellem \u00f8rerne og have en kort kileform ned til \u00f8jnene.<br \/>\nN\u00e6sen afsluttes i en fin lille afrunding om en spids snude.<\/p>\n<p><strong>\u00d8jne<br \/>\n<\/strong>\u00d8jnene skal v\u00e6re store og runde. Set forfra skal \u00f8jnene sidde p\u00e5 linjen mellem base af \u00f8ret og n\u00e6sen. Set i profil er nederste kant af \u00f8jet lige over linjer mellem \u00f8rebase og n\u00e6sen.<\/p>\n<p><strong>\u00d8rer<br \/>\n<\/strong>\u00d8rerne skal v\u00e6re ovale og i proportion til hovedet.<br \/>\n\u00d8rerne skal v\u00e6re d\u00e6kket af fin pels som nuancerer fra hvid til svag gul.<\/p>\n<p><strong>Poter &amp; kl\u00f8er:<br \/>\n<\/strong>Fire t\u00e6er p\u00e5 hver forpote, 5 t\u00e6er p\u00e5 hver bagpote. Skal v\u00e6re d\u00e6kket af pels.<br \/>\nHele kl\u00f8er p\u00e5 alle t\u00e6er i lys farve.<\/p>\n<p><strong>Hale:<br \/>\n<\/strong>3-5 cm lang, skal v\u00e6re lang, tyk og have form af en k\u00f8lle. Skal v\u00e6re fri af s\u00e5r, kn\u00e6k eller lignende skader. Skal v\u00e6re d\u00e6kket af fint bl\u00f8dt pels som nuancerer fra hvid til lys gul.<\/p>\n<p>For ungdyr op til 12 uger har halen endnu ikke opn\u00e5et den rette form endnu \u2013 dette skal tages i betragtning.<\/p>\n<p><strong>Pels<br \/>\n<\/strong>Knurh\u00e5rene skal sidde i en t\u00e6t vifte ud fra knurh\u00e5rspuderne. Knurh\u00e5renes farve skal v\u00e6re en blanding af hvide og m\u00f8rke, de hvide oftest fordelt i nederste halvdel af fanen.<br \/>\nPelsen skal bl\u00f8d, plysset. Flad, fedtet, mat og\/eller trist pels er en fejl.<\/p>\n<p><strong>Farve<br \/>\n<\/strong>Topfarve: Bundfarven er skiffergr\u00e5 med abrikosgul grundfarve med sort tipning<br \/>\nMavefarve: Hvid uden misfarvning<br \/>\nSkillelinje mellem top- og mavefarve skal v\u00e6re s\u00e5 lige og klar som muligt uden sammenblanding af de to.<\/p>\n<p><strong>St\u00f8rrelse &amp; Kondition<br \/>\n<\/strong>Kroppens l\u00e6ngde skal v\u00e6re fra 11-15 cm lang, hanner er lidt mindre end hunner.<br \/>\nIdealv\u00e6gten er 60-90g for hanner og 70-100g for hunner. De \u00f8nskes s\u00e5 n\u00e6r den h\u00f8je ende af idealv\u00e6gten som mulig p\u00e5 udstilling.<br \/>\nSkal fremst\u00e5 sund og rask med en v\u00e6gt passende til st\u00f8rrelsen.<\/p>\n<p><strong>Fejl<br \/>\n<\/strong>Sammenblanding af top- og mavefarve. Tydelige hvide h\u00e5r i topfarven. Uj\u00e6vn eller kraftig tipning i topfarven. Manglende, kn\u00e6kkede eller b\u00f8jede knurh\u00e5r. M\u00f8rke negle. Fedtet og uren pels.<br \/>\nFor at undg\u00e5 uren og fedtet pels, kan der med fordel blandes chinchillasand i bundstr\u00f8et p\u00e5 udstilling.<\/p>\n","protected":false},"excerpt":{"rendered":"<p>P\u00e5 denne side kan DMG-medlemmer hente de samlede standarder for Sj\u00e6ldne arter som pdf. Typestandard for Fedthalemus Kroppen Kroppen skal have oval form set oppefra og skal v\u00e6re kraftig uden [&hellip;]<\/p>\n","protected":false},"author":1,"featured_media":0,"parent":239,"menu_order":0,"comment_status":"open","ping_status":"open","template":"","meta":{"site-sidebar-layout":"default","site-content-layout":"","ast-site-content-layout":"","site-content-style":"default","site-sidebar-style":"default","ast-global-header-display":"","ast-banner-title-visibility":"","ast-main-header-display":"","ast-hfb-above-header-display":"","ast-hfb-below-header-display":"","ast-hfb-mobile-header-display":"","site-post-title":"","ast-breadcrumbs-content":"","ast-featured-img":"","footer-sml-layout":"","theme-transparent-header-meta":"","adv-header-id-meta":"","stick-header-meta":"","header-above-stick-meta":"","header-main-stick-meta":"","header-below-stick-meta":"","astra-migrate-meta-layouts":"default","ast-page-background-enabled":"default","ast-page-background-meta":{"desktop":{"background-color":"var(--ast-global-color-4)","background-image":"","background-repeat":"repeat","background-position":"center center","background-size":"auto","background-attachment":"scroll","background-type":"","background-media":"","overlay-type":"","overlay-color":"","overlay-opacity":"","overlay-gradient":""},"tablet":{"background-color":"","background-image":"","background-repeat":"repeat","background-position":"center center","background-size":"auto","background-attachment":"scroll","background-type":"","background-media":"","overlay-type":"","overlay-color":"","overlay-opacity":"","overlay-gradient":""},"mobile":{"background-color":"","background-image":"","background-repeat":"repeat","background-position":"center center","background-size":"auto","background-attachment":"scroll","background-type":"","background-media":"","overlay-type":"","overlay-color":"","overlay-opacity":"","overlay-gradient":""}},"ast-content-background-meta":{"desktop":{"background-color":"var(--ast-global-color-5)","background-image":"","background-repeat":"repeat","background-position":"center center","background-size":"auto","background-attachment":"scroll","background-type":"","background-media":"","overlay-type":"","overlay-color":"","overlay-opacity":"","overlay-gradient":""},"tablet":{"background-color":"var(--ast-global-color-5)","background-image":"","background-repeat":"repeat","background-position":"center center","background-size":"auto","background-attachment":"scroll","background-type":"","background-media":"","overlay-type":"","overlay-color":"","overlay-opacity":"","overlay-gradient":""},"mobile":{"background-color":"var(--ast-global-color-5)","background-image":"","background-repeat":"repeat","background-position":"center center","background-size":"auto","background-attachment":"scroll","background-type":"","background-media":"","overlay-type":"","overlay-color":"","overlay-opacity":"","overlay-gradient":""}},"ngg_post_thumbnail":0,"footnotes":""},"class_list":["post-4130","page","type-page","status-publish","hentry"],"_links":{"self":[{"href":"https:\/\/musgerbil.dk\/index.php?rest_route=\/wp\/v2\/pages\/4130"}],"collection":[{"href":"https:\/\/musgerbil.dk\/index.php?rest_route=\/wp\/v2\/pages"}],"about":[{"href":"https:\/\/musgerbil.dk\/index.php?rest_route=\/wp\/v2\/types\/page"}],"author":[{"embeddable":true,"href":"https:\/\/musgerbil.dk\/index.php?rest_route=\/wp\/v2\/users\/1"}],"replies":[{"embeddable":true,"href":"https:\/\/musgerbil.dk\/index.php?rest_route=%2Fwp%2Fv2%2Fcomments&post=4130"}],"version-history":[{"count":9,"href":"https:\/\/musgerbil.dk\/index.php?rest_route=\/wp\/v2\/pages\/4130\/revisions"}],"predecessor-version":[{"id":10889,"href":"https:\/\/musgerbil.dk\/index.php?rest_route=\/wp\/v2\/pages\/4130\/revisions\/10889"}],"up":[{"embeddable":true,"href":"https:\/\/musgerbil.dk\/index.php?rest_route=\/wp\/v2\/pages\/239"}],"wp:attachment":[{"href":"https:\/\/musgerbil.dk\/index.php?rest_route=%2Fwp%2Fv2%2Fmedia&parent=4130"}],"curies":[{"name":"wp","href":"https:\/\/api.w.org\/{rel}","templated":true}]}}