{"id":365,"date":"2014-04-05T22:23:34","date_gmt":"2014-04-05T22:23:34","guid":{"rendered":"http:\/\/musgerbil.dk\/?page_id=365"},"modified":"2022-02-17T23:49:08","modified_gmt":"2022-02-17T22:49:08","slug":"stambogen","status":"publish","type":"page","link":"https:\/\/musgerbil.dk\/?page_id=365","title":{"rendered":"Stambogen"},"content":{"rendered":"<p>Alle dyr, der registreres i Dansk Mus &amp; Gerbil forening l\u00e6gges op p\u00e5 foreningens frit tilg\u00e6ngelige online database:<br \/>\n<a href=\"http:\/\/pedigree.musgerbil.dk\/pp_search.php\" target=\"_blank\" rel=\"noopener noreferrer\">DMG&#8217;s online database<\/a><br \/>\n<img fetchpriority=\"high\" decoding=\"async\" class=\"alignnone wp-image-1641 size-medium\" src=\"https:\/\/musgerbil.dk\/wp-content\/uploads\/logo-300x300.png\" alt=\"logo\" width=\"300\" height=\"300\" srcset=\"https:\/\/musgerbil.dk\/wp-content\/uploads\/logo-300x300.png 300w, https:\/\/musgerbil.dk\/wp-content\/uploads\/logo-150x150.png 150w, https:\/\/musgerbil.dk\/wp-content\/uploads\/logo.png 500w\" sizes=\"(max-width: 300px) 100vw, 300px\" \/><br \/>\nAlle stamtavler udf\u00e6rdiges af de valgte stambogsf\u00f8rere udpeget af bestyrelsen.<br \/>\nStambogen er \u00e5ben for alle dyr anerkendt af DMG&#8217;s Stambogskontor.<\/p>\n<p>Stamtavler er et redskab som mange opdr\u00e6ttere af alle dyr bruger, for at holde styr p\u00e5 anerne bag deres avlsdyr. En stamtavle kan v\u00e6re et redskab til at forudse hvilke gener, der spiller ind p\u00e5 ting som farver, sygdomme, arveligt temperament osv..<br \/>\nFor ikke-opdr\u00e6ttere kan stamtavlen v\u00e6re en sjov ting at have med, s\u00e5 man kan se hvem for\u00e6ldrene er, ja m\u00e5ske endda helt ud til hvem oldefor\u00e6ldrene er.<\/p>\n<p>&nbsp;<\/p>\n<p><strong>Alle DMG medlemmer kan bruge Stambogen<br \/>\n<\/strong>Alle medlemmer af foreningen, kan f\u00e5 deres dyr registreret i DMG&#8217;s Stambog iht g\u00e6ldende regels\u00e6t: <a href=\"https:\/\/musgerbil.dk\/?page_id=362\">Stambogsregler<\/a><\/p>\n<p>For priser p\u00e5 stambogsf\u00f8ring: se DMG&#8217;s <a title=\"Prisliste\" href=\"https:\/\/musgerbil.dk\/?page_id=388\">prisliste<\/a>.<\/p>\n<p><strong>Stambogen er offentligt tilg\u00e6ngelig online og alle kan s\u00f8ge efter og finde stamtavler, som er registreret heri.<\/strong><\/p>\n<p><strong>For at finde et dyr med stamtavle i Stambogen, <\/strong>kan man bruge et&nbsp; eller flere af disse s\u00f8gekriterier:<\/p>\n<ul>\n<li>Art (V\u00e6lg mellem Mus, Gerbils eller Natalmus)<\/li>\n<li>Dyrets navn eller dele her af.<\/li>\n<li>Et specifikt registrerings nummer (finder det specifikke individ med det nummer)<\/li>\n<li>Dyr med en bestemt farve (Variant)<\/li>\n<li>Find kun dyr, der har opn\u00e5et titler p\u00e5 udstilling<\/li>\n<li>Der kan s\u00f8ges p\u00e5 k\u00f8n (han el. hun \u2013 finder alle af bestemt k\u00f8n)<\/li>\n<li>Opdr\u00e6tternavn (finder alle dyr registreret af den opdr\u00e6tter)<\/li>\n<li>For at se alle i databasen skriv %%<\/li>\n<\/ul>\n","protected":false},"excerpt":{"rendered":"<p>Alle dyr, der registreres i Dansk Mus &amp; Gerbil forening l\u00e6gges op p\u00e5 foreningens frit tilg\u00e6ngelige online database: DMG&#8217;s online database Alle stamtavler udf\u00e6rdiges af de valgte stambogsf\u00f8rere udpeget af [&hellip;]<\/p>\n","protected":false},"author":1,"featured_media":0,"parent":36,"menu_order":2,"comment_status":"closed","ping_status":"closed","template":"","meta":{"site-sidebar-layout":"default","site-content-layout":"","ast-site-content-layout":"","site-content-style":"default","site-sidebar-style":"default","ast-global-header-display":"","ast-banner-title-visibility":"","ast-main-header-display":"","ast-hfb-above-header-display":"","ast-hfb-below-header-display":"","ast-hfb-mobile-header-display":"","site-post-title":"","ast-breadcrumbs-content":"","ast-featured-img":"","footer-sml-layout":"","theme-transparent-header-meta":"","adv-header-id-meta":"","stick-header-meta":"","header-above-stick-meta":"","header-main-stick-meta":"","header-below-stick-meta":"","astra-migrate-meta-layouts":"default","ast-page-background-enabled":"default","ast-page-background-meta":{"desktop":{"background-color":"var(--ast-global-color-4)","background-image":"","background-repeat":"repeat","background-position":"center center","background-size":"auto","background-attachment":"scroll","background-type":"","background-media":"","overlay-type":"","overlay-color":"","overlay-opacity":"","overlay-gradient":""},"tablet":{"background-color":"","background-image":"","background-repeat":"repeat","background-position":"center center","background-size":"auto","background-attachment":"scroll","background-type":"","background-media":"","overlay-type":"","overlay-color":"","overlay-opacity":"","overlay-gradient":""},"mobile":{"background-color":"","background-image":"","background-repeat":"repeat","background-position":"center center","background-size":"auto","background-attachment":"scroll","background-type":"","background-media":"","overlay-type":"","overlay-color":"","overlay-opacity":"","overlay-gradient":""}},"ast-content-background-meta":{"desktop":{"background-color":"var(--ast-global-color-5)","background-image":"","background-repeat":"repeat","background-position":"center center","background-size":"auto","background-attachment":"scroll","background-type":"","background-media":"","overlay-type":"","overlay-color":"","overlay-opacity":"","overlay-gradient":""},"tablet":{"background-color":"var(--ast-global-color-5)","background-image":"","background-repeat":"repeat","background-position":"center center","background-size":"auto","background-attachment":"scroll","background-type":"","background-media":"","overlay-type":"","overlay-color":"","overlay-opacity":"","overlay-gradient":""},"mobile":{"background-color":"var(--ast-global-color-5)","background-image":"","background-repeat":"repeat","background-position":"center center","background-size":"auto","background-attachment":"scroll","background-type":"","background-media":"","overlay-type":"","overlay-color":"","overlay-opacity":"","overlay-gradient":""}},"ngg_post_thumbnail":0,"footnotes":""},"class_list":["post-365","page","type-page","status-publish","hentry"],"_links":{"self":[{"href":"https:\/\/musgerbil.dk\/index.php?rest_route=\/wp\/v2\/pages\/365"}],"collection":[{"href":"https:\/\/musgerbil.dk\/index.php?rest_route=\/wp\/v2\/pages"}],"about":[{"href":"https:\/\/musgerbil.dk\/index.php?rest_route=\/wp\/v2\/types\/page"}],"author":[{"embeddable":true,"href":"https:\/\/musgerbil.dk\/index.php?rest_route=\/wp\/v2\/users\/1"}],"replies":[{"embeddable":true,"href":"https:\/\/musgerbil.dk\/index.php?rest_route=%2Fwp%2Fv2%2Fcomments&post=365"}],"version-history":[{"count":17,"href":"https:\/\/musgerbil.dk\/index.php?rest_route=\/wp\/v2\/pages\/365\/revisions"}],"predecessor-version":[{"id":10664,"href":"https:\/\/musgerbil.dk\/index.php?rest_route=\/wp\/v2\/pages\/365\/revisions\/10664"}],"up":[{"embeddable":true,"href":"https:\/\/musgerbil.dk\/index.php?rest_route=\/wp\/v2\/pages\/36"}],"wp:attachment":[{"href":"https:\/\/musgerbil.dk\/index.php?rest_route=%2Fwp%2Fv2%2Fmedia&parent=365"}],"curies":[{"name":"wp","href":"https:\/\/api.w.org\/{rel}","templated":true}]}}