{"id":362,"date":"2014-04-05T22:18:13","date_gmt":"2014-04-05T22:18:13","guid":{"rendered":"http:\/\/musgerbil.dk\/?page_id=362"},"modified":"2022-02-17T23:49:08","modified_gmt":"2022-02-17T22:49:08","slug":"stambogkontorets-regler","status":"publish","type":"page","link":"https:\/\/musgerbil.dk\/?page_id=362","title":{"rendered":"Stambogkontorets regler"},"content":{"rendered":"<h3><b>Form\u00e5l<\/b><\/h3>\n<p>Stambogskontorets form\u00e5l er at registrerer opdr\u00e6ttere og udf\u00e6rdige stamtavler til mus, gerbiler og jirds ejet eller opdr\u00e6ttet af medlemmer i DMG.<\/p>\n<h3><b>Registrering af opdr\u00e6ttere<\/b><\/h3>\n<p>Alle DMG medlemmer kan ans\u00f8ge om at blive registreret opdr\u00e6tter. Dette koster et opdr\u00e6ttermedlemsskab for ikke endnu-medlemmer og for allerede medlemmer; differencen fra almindeligt medlemskab til opdr\u00e6ttermedlemsskab.<br \/>\nOpdr\u00e6tternavnet m\u00e5 ikke indeholde st\u00f8dende ord og opdr\u00e6ttet godkendes af Stambogskontoret.<br \/>\nRegler for at bliver registreret opdr\u00e6tter i DMG:<\/p>\n<p><strong>\u00a71 \u2013 Avlsvejledninger<\/strong><br \/>\nAvlsvejledningerne overholdes som vejledende retningslinjer.<\/p>\n<p><strong>\u00a72 \u2013 Forhold<\/strong><br \/>\n<span style=\"text-decoration: underline\">Stk. 1<\/span> &#8211; Opdr\u00e6tter holder dyrene under ordentlige forhold i hjemmet og generelt overholder dansk lovgivning for dyrehold.<\/p>\n<p><span style=\"text-decoration: underline\">Stk. 2<\/span> &#8211; Opdr\u00e6tter skal s\u00e6lge sine salgsdyr under s\u00e5 optimale forhold som muligt, f.eks. undg\u00e5 at flytte sv\u00e6kkede, for unge eller dr\u00e6gtige dyr samt undg\u00e5 un\u00f8dige foderskifte.<\/p>\n<p><span class=\"text_exposed_show\"><span style=\"text-decoration: underline\">Stk. 3<\/span> &#8211; DMG tager ikke stilling til, om det er etisk korrekt med salg af foderdyr. \u00c5bent salg af foderdyr strider mod DMG&#8217;s \u00e5nd. Derfor \u00f8nsker DMG ikke at se \u00e5bent salg af foderdyr p\u00e5 opdr\u00e6tteres hjemmeside og evt. Facebookside.<\/span><\/p>\n<p><strong>\u00a73 \u2013 \u00c5benhed<\/strong><br \/>\nOpdr\u00e6ttere skal som udgangspunkt v\u00e6re \u00e5ben for ny viden og l\u00e6ring, s\u00e5 k\u00f8bere f\u00e5r den bedst mulige oplevelse med k\u00f8bet af deres nye k\u00e6ledyr.<\/p>\n<p><strong>\u00a7 4 \u2013 Beskyttede opdr\u00e6tternavne<\/strong><br \/>\n<span style=\"text-decoration: underline\">Stk. 1<\/span> &#8211; Hvis en opdr\u00e6tters medlemskab s\u00e6ttes i bero, er medlemmets opdr\u00e6tternavn beskyttet i 5 \u00e5r.<br \/>\nS\u00e5fremt medlemmet indmelder sig i et opdr\u00e6ttermedlemsskab inden for denne periode, tildeles opdr\u00e6tter sit opdr\u00e6tternavn automatisk igen.<\/p>\n<p><span style=\"text-decoration: underline\">Stk. 2<\/span> \u2013 Bliver et opdr\u00e6tternavn ikke anvendt til registrering af dyr inden for 18 mdr. efter godkendelse, kan dette opdr\u00e6tternavn tildeles anden opdr\u00e6tter, hvis ans\u00f8gt.<\/p>\n<p><strong>\u00a75 \u2013 Alder<\/strong><br \/>\nEthvert medlem under 16 \u00e5r skal have samtykke fra for\u00e6ldre\/hverve, som skal tilsendes stambogskontoret.<\/p>\n<p>&nbsp;<\/p>\n<h3><b>Stambogsf\u00f8ring.<\/b><\/h3>\n<p><strong>\u00a71 &#8211; Dyr<\/strong><br \/>\nAlle dyr kan stambogsf\u00f8res uanset herkomst. Dog vil dyr uden stambogsf\u00f8rte for\u00e6ldre blive registreret med opdr\u00e6tterkoden \u201dUkendt\u201d.<\/p>\n<p><strong>\u00a72 &#8211; Opdr\u00e6tternavn<\/strong><br \/>\n<span style=\"text-decoration: underline\">Stk. 1<\/span> &#8211; Det godkendte opdr\u00e6tternavn kan kun anvendes til unger af egen avl.<br \/>\n<span style=\"text-decoration: underline\">Stk. 2<\/span> &#8211; Godkendte opdr\u00e6ttere er forpligtet til at stambogsf\u00f8re solgte dyr efter k\u00f8bers \u00f8nske.<br \/>\n&nbsp;&nbsp;&nbsp;&nbsp;&nbsp;&nbsp;&nbsp;&nbsp;&nbsp;&nbsp;&nbsp;&nbsp;&nbsp; Overholdes dette ikke, og reageres der ikke p\u00e5 henvendelser fra bestyrelsen, anses dette som modarbejdelse af DMG.<br \/>\n&nbsp;&nbsp;&nbsp;&nbsp;&nbsp;&nbsp;&nbsp;&nbsp;&nbsp;&nbsp;&nbsp;&nbsp;&nbsp; Se <a href=\"https:\/\/musgerbil.dk\/?page_id=78\" target=\"_blank\" rel=\"noopener noreferrer\">vedt\u00e6gterne<\/a><\/p>\n<p><strong>\u00a73 &#8211; Andet opdr\u00e6t<\/strong><br \/>\nDyr f\u00f8dt hos opdr\u00e6ttere uden godkendt opdr\u00e6tternavn eller dyr indk\u00f8bt uden stamtavle kan kun stambogsf\u00f8res med et navn.<\/p>\n<p><strong>\u00a74 &#8211; Opdr\u00e6tter<\/strong><br \/>\n<span style=\"text-decoration: underline\">Stk. 1<\/span> &#8211; Et medlem m\u00e5 kun have et opdr\u00e6tternavn. Flere opdr\u00e6ttere kan godt have samme opdr\u00e6tternavn, s\u00e5fremt de bor p\u00e5 samme adresse.<\/p>\n<p><span style=\"text-decoration: underline\">Stk. 2<\/span> &#8211; \u00d8nskes en anden opdr\u00e6tter tilf\u00f8jet til opdr\u00e6tternavnet, skal dette meddeles til stambogskontoret og godkendes af samme. Dette er under foruds\u00e6tning af, at anden opdr\u00e6tter ikke har eget opdr\u00e6tternavn i forvejen.<\/p>\n<p><strong>\u00a75 &#8211; Gyldighed<\/strong><br \/>\n<span style=\"text-decoration: underline\">Stk. 1<\/span> &#8211; Opdr\u00e6tternavnet er bindende efter godkendelse af stambogskontoret og kan ikke udskiftes ved evt. fortrydelse.<br \/>\n<span style=\"text-decoration: underline\">Stk. 2<\/span> &#8211; Der kan kun gives dispensation af stambogskontoret s\u00e5fremt \u00f8nsket om \u00e6ndring er velbegrundet.<\/p>\n<p><strong>\u00a76 &#8211; Omkostninger for registrering af dyr<\/strong><br \/>\n<span style=\"text-decoration: underline\">Stk 1<\/span> &#8211; Et godkendt opdr\u00e6t med opdr\u00e6ttermedlemsskab i foreningen registrerer gratis alle dyr.<\/p>\n<p><span style=\"text-decoration: underline\">Stk. 2<\/span> &#8211; For medlemmer uden opdr\u00e6ttermedlemskab betales der per stamtavle iht. g\u00e6ldende prisliste.<\/p>\n<p><strong>\u00a77 &#8211; Registreringsret og -pligt<\/strong><br \/>\nDer m\u00e5 IKKE stambogsf\u00f8res i andres opdr\u00e6tternavn. Det er opdr\u00e6tters egen pligt at stambogsf\u00f8rer iht. \u00a72. stk. 2.<\/p>\n<p><strong>\u00a78 \u2013 Dyrets Navn<\/strong><br \/>\n<span style=\"text-decoration: underline\">Stk. 1<\/span> &#8211; Dyrets navn skal overholde retningslinjer udf\u00e6rdiget af stambogskontoret.<\/p>\n<p><span style=\"text-decoration: underline\">Stk. 2<\/span> \u2013 Dyrets navn inkl. opdr\u00e6tternavn og evt. landekode m\u00e5 maksimalt v\u00e6re p\u00e5 40 anslag.<\/p>\n<p><span style=\"text-decoration: underline\">Stk 2.2<\/span> \u2013 Opdr\u00e6tternavnets stavem\u00e5de p\u00e5 stamtavlen bestemmes f\u00f8rste gang det anvendes til en stamtavleans\u00f8gning. Herefter kan stavem\u00e5de ikke \u00e6ndres, medmindre, der gives dispensation til \u00e6ndring af opdr\u00e6tternavn jf. regler for Stambogsf\u00f8ring \u00a7 5, stk. 2.<\/p>\n<p>Stk. 3 \u2013 Et navn kan kun figurere i systemet \u00e9n gang. Tjek gerne Stambogen inden I ans\u00f8ger om navnet \u2013 er navnet allerede registreret og dette ans\u00f8ges alligevel, vil der komme en tal bagp\u00e5 f.eks. Bamse, Bamse (1), Bamse (2) osv. Dette g\u00e6lder det fulde navn incl. opdr\u00e6tternavn. Der kan alts\u00e5 godt stambogsf\u00f8res F.eks: &#8220;Dimsens Bamse&#8221; og &#8220;Vimsens Bamse&#8221;.<\/p>\n<p><span style=\"text-decoration: underline\">Stk. 4<\/span> \u2013 Dyrets navn m\u00e5 ikke indeholde st\u00f8dende ord. Dette vurderes af stambogskontoret.<\/p>\n<p><span style=\"text-decoration: underline\">Stk. 5<\/span> &#8211; Medlemmer, som ikke er registreret opdr\u00e6tter, kan kun registrere dyr med \u00e9t navn i alt.<\/p>\n<p><strong>\u00a79 &#8211; Importdyr<\/strong><br \/>\n<span style=\"text-decoration: underline\">Stk. 1<\/span> &#8211; Importerede dyr med stamtavle fra anden forening, klub eller organisation registreres med alle kendte forf\u00e6dre ved indsendelse af relevant dokumentation.<\/p>\n<p><span style=\"text-decoration: underline\">Stk. 2<\/span> &#8211; Importerede dyr med stamtavle registreres med landekoden som opdr\u00e6tterkode samt med landekoden i parentes, som en del af dyrets navn.<\/p>\n<p><strong>\u00a710 \u2013 \u00c6ndringer i stamtavlen<\/strong><br \/>\n<u>Stk. 1<\/u> \u2013 \u00c6ndringer i stamtavlen kan kun finde sted i tilf\u00e6lde af, at relevante oplysninger i stamtavlen er forkerte.<\/p>\n<p><u>Stk. 2.<\/u> \u2013 Tilladte \u00e6ndringer.<br \/>\nStambogsf\u00f8rer tillader f\u00f8lgende \u00e6ndringer:<br \/>\n&#8211; K\u00f8n<br \/>\n&#8211; Farve, aftegn, pelsl\u00e6ngde og \u2013type<br \/>\n&#8211; Genkode<\/p>\n<p><u>Stk. 3<\/u> \u2013 \u00c6ndringer i stamtavlen finder kun sted, hvis det er relevant i forbindelse med udstilling af eller opdr\u00e6t med det enkelte dyr.<\/p>\n<p><u>Stk. 4.<\/u> \u2013 Pris<br \/>\nPrisen for \u00e6ndringer i stamtavlen fasts\u00e6ttes af Stambogskontoret og findes p\u00e5 den g\u00e6ldende prisliste.<\/p>\n<h3><b>Titelregistrering<\/b><\/h3>\n<p>Dette afsnit omhandler titelregistrering p\u00e5 alle stambogsf\u00f8rte dyr i foreningens Stambog<\/p>\n<p><strong>\u00a71 \u2013 Titler<\/strong><br \/>\nTitler opn\u00e5s efter de g\u00e6ldende udstillingsregler.<\/p>\n<p><strong>\u00a7 2 \u2013 Titelregistrering<\/strong><br \/>\n<span style=\"text-decoration: underline\">Stk. 1<\/span> &#8211; Titler opn\u00e5et p\u00e5 foreningens udstillinger bliver automatisk registeret, s\u00e5fremt at dyret er registreret i Stambogen.<\/p>\n<p><span style=\"text-decoration: underline\">Stk. 2<\/span> \u2013 Titlen er f\u00f8rst gyldig i DMG, n\u00e5r dyret er registreret i Stambogen.<\/p>\n<p><strong>\u00a7 3 \u2013 Opn\u00e5ede titler i udlandet<\/strong><br \/>\nTitler opn\u00e5et i udlandet kan p\u00e5f\u00f8res dyrets stamtavle s\u00e5fremt der indsendes relevant dokumentation.<\/p>\n<p><strong>\u00a7 4 \u2013 Titlerne<br \/>\n<\/strong><a href=\"https:\/\/musgerbil.dk\/?page_id=92\" target=\"_blank\" rel=\"noopener noreferrer\">\u00c5bner i ny fane<\/a><\/p>\n<p>&nbsp;<\/p>\n","protected":false},"excerpt":{"rendered":"<p>Form\u00e5l Stambogskontorets form\u00e5l er at registrerer opdr\u00e6ttere og udf\u00e6rdige stamtavler til mus, gerbiler og jirds ejet eller opdr\u00e6ttet af medlemmer i DMG. Registrering af opdr\u00e6ttere Alle DMG medlemmer kan ans\u00f8ge [&hellip;]<\/p>\n","protected":false},"author":1,"featured_media":0,"parent":36,"menu_order":1,"comment_status":"closed","ping_status":"closed","template":"","meta":{"site-sidebar-layout":"default","site-content-layout":"","ast-site-content-layout":"","site-content-style":"default","site-sidebar-style":"default","ast-global-header-display":"","ast-banner-title-visibility":"","ast-main-header-display":"","ast-hfb-above-header-display":"","ast-hfb-below-header-display":"","ast-hfb-mobile-header-display":"","site-post-title":"","ast-breadcrumbs-content":"","ast-featured-img":"","footer-sml-layout":"","theme-transparent-header-meta":"","adv-header-id-meta":"","stick-header-meta":"","header-above-stick-meta":"","header-main-stick-meta":"","header-below-stick-meta":"","astra-migrate-meta-layouts":"default","ast-page-background-enabled":"default","ast-page-background-meta":{"desktop":{"background-color":"var(--ast-global-color-4)","background-image":"","background-repeat":"repeat","background-position":"center center","background-size":"auto","background-attachment":"scroll","background-type":"","background-media":"","overlay-type":"","overlay-color":"","overlay-opacity":"","overlay-gradient":""},"tablet":{"background-color":"","background-image":"","background-repeat":"repeat","background-position":"center center","background-size":"auto","background-attachment":"scroll","background-type":"","background-media":"","overlay-type":"","overlay-color":"","overlay-opacity":"","overlay-gradient":""},"mobile":{"background-color":"","background-image":"","background-repeat":"repeat","background-position":"center center","background-size":"auto","background-attachment":"scroll","background-type":"","background-media":"","overlay-type":"","overlay-color":"","overlay-opacity":"","overlay-gradient":""}},"ast-content-background-meta":{"desktop":{"background-color":"var(--ast-global-color-5)","background-image":"","background-repeat":"repeat","background-position":"center center","background-size":"auto","background-attachment":"scroll","background-type":"","background-media":"","overlay-type":"","overlay-color":"","overlay-opacity":"","overlay-gradient":""},"tablet":{"background-color":"var(--ast-global-color-5)","background-image":"","background-repeat":"repeat","background-position":"center center","background-size":"auto","background-attachment":"scroll","background-type":"","background-media":"","overlay-type":"","overlay-color":"","overlay-opacity":"","overlay-gradient":""},"mobile":{"background-color":"var(--ast-global-color-5)","background-image":"","background-repeat":"repeat","background-position":"center center","background-size":"auto","background-attachment":"scroll","background-type":"","background-media":"","overlay-type":"","overlay-color":"","overlay-opacity":"","overlay-gradient":""}},"ngg_post_thumbnail":0,"footnotes":""},"class_list":["post-362","page","type-page","status-publish","hentry"],"_links":{"self":[{"href":"https:\/\/musgerbil.dk\/index.php?rest_route=\/wp\/v2\/pages\/362"}],"collection":[{"href":"https:\/\/musgerbil.dk\/index.php?rest_route=\/wp\/v2\/pages"}],"about":[{"href":"https:\/\/musgerbil.dk\/index.php?rest_route=\/wp\/v2\/types\/page"}],"author":[{"embeddable":true,"href":"https:\/\/musgerbil.dk\/index.php?rest_route=\/wp\/v2\/users\/1"}],"replies":[{"embeddable":true,"href":"https:\/\/musgerbil.dk\/index.php?rest_route=%2Fwp%2Fv2%2Fcomments&post=362"}],"version-history":[{"count":21,"href":"https:\/\/musgerbil.dk\/index.php?rest_route=\/wp\/v2\/pages\/362\/revisions"}],"predecessor-version":[{"id":10981,"href":"https:\/\/musgerbil.dk\/index.php?rest_route=\/wp\/v2\/pages\/362\/revisions\/10981"}],"up":[{"embeddable":true,"href":"https:\/\/musgerbil.dk\/index.php?rest_route=\/wp\/v2\/pages\/36"}],"wp:attachment":[{"href":"https:\/\/musgerbil.dk\/index.php?rest_route=%2Fwp%2Fv2%2Fmedia&parent=362"}],"curies":[{"name":"wp","href":"https:\/\/api.w.org\/{rel}","templated":true}]}}