{"id":34,"date":"2014-04-04T21:34:58","date_gmt":"2014-04-04T21:34:58","guid":{"rendered":"http:\/\/musgerbil.dk\/?page_id=34"},"modified":"2022-02-17T23:49:29","modified_gmt":"2022-02-17T22:49:29","slug":"udstilling","status":"publish","type":"page","link":"https:\/\/musgerbil.dk\/?page_id=34","title":{"rendered":"Udstilling"},"content":{"rendered":"<p>DMG bestr\u00e6ber sig p\u00e5 at afholde 3 ordin\u00e6re udstillinger om \u00e5ret. Et udstillings\u00e5r l\u00f8ber fra 01\/01 &#8211; 31\/12.<br \/>\nEt nyt tiltag fra 2018 er &#8220;Stuebed\u00f8mmelser&#8221;, hvoraf vi n\u00e5ede at afholde en enkelt dette \u00e5r, med fin succes.<\/p>\n<p>DMG arbejder hele tiden p\u00e5 at udvide med arter der kan udstilles.<br \/>\nDet er et stort arbejde at uddanne dommere inden for de forskellige arter og kr\u00e6ver mange ressourcer, da vi skal hente viden og hj\u00e6lp fra udlandet, samt evt. hj\u00e6lp fra de f\u00e5 opdr\u00e6ttere der findes i landet.<br \/>\nVi vil rigtig gerne uddanne os til de arter, som vi kan se der er udstillingsinteresse for, s\u00e5 ligger du inde med viden, som kan hj\u00e6lpe os i gang med lige netop din art &#8211; s\u00e5 kontakt endelig dommerudvalget.<\/p>\n","protected":false},"excerpt":{"rendered":"<p>DMG bestr\u00e6ber sig p\u00e5 at afholde 3 ordin\u00e6re udstillinger om \u00e5ret. Et udstillings\u00e5r l\u00f8ber fra 01\/01 &#8211; 31\/12. Et nyt tiltag fra 2018 er &#8220;Stuebed\u00f8mmelser&#8221;, hvoraf vi n\u00e5ede at afholde [&hellip;]<\/p>\n","protected":false},"author":1,"featured_media":0,"parent":0,"menu_order":3,"comment_status":"closed","ping_status":"closed","template":"","meta":{"site-sidebar-layout":"default","site-content-layout":"","ast-site-content-layout":"","site-content-style":"default","site-sidebar-style":"default","ast-global-header-display":"","ast-banner-title-visibility":"","ast-main-header-display":"","ast-hfb-above-header-display":"","ast-hfb-below-header-display":"","ast-hfb-mobile-header-display":"","site-post-title":"","ast-breadcrumbs-content":"","ast-featured-img":"","footer-sml-layout":"","theme-transparent-header-meta":"","adv-header-id-meta":"","stick-header-meta":"","header-above-stick-meta":"","header-main-stick-meta":"","header-below-stick-meta":"","astra-migrate-meta-layouts":"default","ast-page-background-enabled":"default","ast-page-background-meta":{"desktop":{"background-color":"var(--ast-global-color-4)","background-image":"","background-repeat":"repeat","background-position":"center center","background-size":"auto","background-attachment":"scroll","background-type":"","background-media":"","overlay-type":"","overlay-color":"","overlay-opacity":"","overlay-gradient":""},"tablet":{"background-color":"","background-image":"","background-repeat":"repeat","background-position":"center center","background-size":"auto","background-attachment":"scroll","background-type":"","background-media":"","overlay-type":"","overlay-color":"","overlay-opacity":"","overlay-gradient":""},"mobile":{"background-color":"","background-image":"","background-repeat":"repeat","background-position":"center center","background-size":"auto","background-attachment":"scroll","background-type":"","background-media":"","overlay-type":"","overlay-color":"","overlay-opacity":"","overlay-gradient":""}},"ast-content-background-meta":{"desktop":{"background-color":"var(--ast-global-color-5)","background-image":"","background-repeat":"repeat","background-position":"center center","background-size":"auto","background-attachment":"scroll","background-type":"","background-media":"","overlay-type":"","overlay-color":"","overlay-opacity":"","overlay-gradient":""},"tablet":{"background-color":"var(--ast-global-color-5)","background-image":"","background-repeat":"repeat","background-position":"center center","background-size":"auto","background-attachment":"scroll","background-type":"","background-media":"","overlay-type":"","overlay-color":"","overlay-opacity":"","overlay-gradient":""},"mobile":{"background-color":"var(--ast-global-color-5)","background-image":"","background-repeat":"repeat","background-position":"center center","background-size":"auto","background-attachment":"scroll","background-type":"","background-media":"","overlay-type":"","overlay-color":"","overlay-opacity":"","overlay-gradient":""}},"ngg_post_thumbnail":0,"footnotes":""},"class_list":["post-34","page","type-page","status-publish","hentry"],"_links":{"self":[{"href":"https:\/\/musgerbil.dk\/index.php?rest_route=\/wp\/v2\/pages\/34"}],"collection":[{"href":"https:\/\/musgerbil.dk\/index.php?rest_route=\/wp\/v2\/pages"}],"about":[{"href":"https:\/\/musgerbil.dk\/index.php?rest_route=\/wp\/v2\/types\/page"}],"author":[{"embeddable":true,"href":"https:\/\/musgerbil.dk\/index.php?rest_route=\/wp\/v2\/users\/1"}],"replies":[{"embeddable":true,"href":"https:\/\/musgerbil.dk\/index.php?rest_route=%2Fwp%2Fv2%2Fcomments&post=34"}],"version-history":[{"count":8,"href":"https:\/\/musgerbil.dk\/index.php?rest_route=\/wp\/v2\/pages\/34\/revisions"}],"predecessor-version":[{"id":10420,"href":"https:\/\/musgerbil.dk\/index.php?rest_route=\/wp\/v2\/pages\/34\/revisions\/10420"}],"wp:attachment":[{"href":"https:\/\/musgerbil.dk\/index.php?rest_route=%2Fwp%2Fv2%2Fmedia&parent=34"}],"curies":[{"name":"wp","href":"https:\/\/api.w.org\/{rel}","templated":true}]}}