{"id":2469,"date":"2014-06-10T07:52:39","date_gmt":"2014-06-10T07:52:39","guid":{"rendered":"http:\/\/musgerbil.dk\/?page_id=2469"},"modified":"2022-02-17T23:49:06","modified_gmt":"2022-02-17T22:49:06","slug":"udstillingsklasser","status":"publish","type":"page","link":"https:\/\/musgerbil.dk\/?page_id=2469","title":{"rendered":"Om udstilling"},"content":{"rendered":"<p>I Dansk Mus &amp; Gerbil forening, Kan man udstille mus og \u00f8rkenrotter i klasserne: Standard, Sj\u00e6ldne varianter, Ustandardiserede varianter (<strong>kun mus<\/strong>) og K\u00e6ledyr.<\/p>\n<p>Der udover har vi en k\u00e6ledyrsklasse for dem vi kalder \u201dsj\u00e6ldne arter\u201d, som er for alle andre muse- og gerbilarter.<\/p>\n<p>For b\u00f8rnene, er der B\u00f8rnedyrsklassen, som er en klasse p\u00e5 tv\u00e6rs af alle arter, hvor b\u00f8rn til og med 14 \u00e5r, kan udstille deres dyr.<\/p>\n<p><strong>OBS: Pga. manglende dommerkapacitet, kan der i \u00f8jeblikket kun udstilles mus og p\u00e5 enkelte udstillinger \u00f8rkenrotter og sj\u00e6ldne arter i k\u00e6ledyrsklasser. Alle arter kan dog stadig stambogsf\u00f8res.<br \/>\n<\/strong><\/p>\n<hr>\n<h2><strong><u>Mus<\/u><\/strong><\/h2>\n<h4><strong>Udstillingsklasser<\/strong><\/h4>\n<h4><strong>Standard:<\/strong><\/h4>\n<p>Alle dyr, som lever op til kravene og den g\u00e6ldende standard for varianten, kan deltage i denne klasse. Dyret skal deltage ud fra dets genotype. Temperamentet bliver bed\u00f8mt som godkendt\/ikke godkendt. Typen bed\u00f8mmes efter typestandarden.<\/p>\n<p><strong>Krav:<\/strong> For at en variant skal forblive i Standard, skal minimum 8 dyr udstilles p\u00e5 et udstillings\u00e5r, hvor af 25% (mindst 2) af det samlede antal udstillede dyr skal opn\u00e5 minimum 87 point.<\/p>\n<p>L\u00e6s mere om, hvorn\u00e5r en variant rykker op\/ned <a href=\"https:\/\/musgerbil.dk\/?page_id=9218\" target=\"_blank\" rel=\"noopener\">her<\/a><\/p>\n<p><strong>Sj<\/strong><strong>\u00e6<\/strong><strong>lden variant:<\/strong><\/p>\n<p>Er for nye varianter, som er rykket op fra Ustandardiseret med en guidestandard, som der stadig arbejdes med, og for varianter der ikke opfylder kravene til Standard klassen. Temperamentet blive bed\u00f8mt som godkendt\/ikke godkendt. Typen bed\u00f8mmes efter samme typestandard, som i Standard-klassen. Dog med hensyn til at det kan v\u00e6re en variant i udvikling.<\/p>\n<p>L\u00e6s mere om, hvorn\u00e5r en variant rykker op\/ned <a href=\"https:\/\/musgerbil.dk\/?page_id=9218\" target=\"_blank\" rel=\"noopener\">her<\/a><\/p>\n<p><strong>Ustandardiseret:<\/strong><\/p>\n<p>Ustandardiseret er springbr\u00e6ttet til godkendelse af nye varianter. Der kan ikke vindes pr\u00e6mier, ej heller uddeles der Champion certifikater, derfor nedsat tilmeldingsgebyr. Der kan Max v\u00e6re 2 varianter i ustandardiseret ad gangen.<\/p>\n<p>L\u00e6s mere om Ustandardiseret <a href=\"https:\/\/musgerbil.dk\/?page_id=9230\" target=\"_blank\" rel=\"noopener\">her<\/a><\/p>\n<p><strong>K<\/strong><strong>\u00e6<\/strong><strong>ledyr<br \/>\n<\/strong><br \/>\nK\u00e6ledyr er en klasse for alle varianter, uanset farve, pels og type. S\u00e6rligt f\u00f8rstegangs-udstillere kan l\u00e6re meget ved at udstille i denne klasse, men ogs\u00e5 de mere garvede udstillere kan her udstille de dyr, der ikke passer ind i de ovenst\u00e5ende klasser.<\/p>\n<p>Dyrene bed\u00f8mmes efter en k\u00e6ledyrsstandard, hvor det prim\u00e6re fokus er det generelle helhedsudtryk, musen skal v\u00e6re velpasset og have et godt temperament. Det er alts\u00e5 nogle af de s\u00f8deste dejligste k\u00e6ledyr uanset farve.<br \/>\nDet er ogs\u00e5 klassen for dyr, som m\u00e5ske ikke kan udstilles i Standard\/Sj\u00e6lden Variant, fordi der ikke findes en standard for dem. Det kan ogs\u00e5 v\u00e6re at man allerede har udstillet i Standard og nu gerne vil vide, hvordan den klarer sig i K\u00e6ledyr. Ved tilmelding i K\u00e6ledyr kan man bede om at f\u00e5 en kommentar med p\u00e5 type-standarden, hvis dette \u00f8nskes.<\/p>\n<p><strong>B<\/strong><strong>\u00f8<\/strong><strong>rnedyr<br \/>\n<\/strong><br \/>\nEr klassen, hvor b\u00f8rn til og med 14 \u00e5r kan udstille deres dyr. B\u00f8rnedyr har deres egen standard og bed\u00f8mmes i h\u00f8j grad p\u00e5 dyres kondition og tamhed. Her s\u00e6ttes ekstra h\u00f8je krav til at dyret kan h\u00e5ndteres og vise at det er velpasset.<br \/>\nKlassen er for alle vores arter.<\/p>\n<p>B\u00f8rn m\u00e5 selvf\u00f8lgelig ogs\u00e5 udstille i de andre klasser, men det er s\u00e5 p\u00e5 lige vilk\u00e5r med voksen udstillerne.<\/p>\n<p><strong>Aldersklasser<\/strong><\/p>\n<p>Musene deles op i junior og senior klasser:<br \/>\n<strong>Junior:<\/strong> Fra 7 uger til og med 19 uger.<br \/>\n<strong>Senior:<\/strong> Fra og med 20 uger.<\/p>\n<h2>L\u00e6s mere om type standard, opdeling af varianter m.m. <a href=\"https:\/\/musgerbil.dk\/?page_id=2605\">her<\/a><\/h2>\n<hr>\n<h2><strong><u>\u00d8rkenrotter<\/u><\/strong><\/h2>\n<p><strong>Udstillingsklasser<\/strong><\/p>\n<p><strong>Standard:<\/strong><\/p>\n<p>Alle dyr, som lever op til kravene og den g\u00e6ldende standard for varianten, kan deltage i denne klasse. Dyret skal deltage ud fra dets genotype. Temperamentet bliver bed\u00f8mt som godkendt\/ikke godkendt. Typen bed\u00f8mmes efter typestandarden (link).<\/p>\n<p><strong>Sj<\/strong><strong>\u00e6<\/strong><strong>lden variant:<\/strong><\/p>\n<p>For varianter som er kendt, men endnu ikke s\u00e5 udbredt. Typen bed\u00f8mmes efter samme typestandard, som i Standard-klassen (link). Dog med hensyn til at det kan v\u00e6re en variant i udvikling.<\/p>\n<p><strong>K<\/strong><strong>\u00e6<\/strong><strong>ledyr<br \/>\n<\/strong><br \/>\nK\u00e6ledyr er en klasse for alle varianter, uanset farve, pels og type. S\u00e6rligt f\u00f8rstegangs-udstillere kan l\u00e6re meget ved at udstille i denne klasse, men ogs\u00e5 de mere garvede udstillere kan her udstille de dyr, der ikke passer ind i de ovenst\u00e5ende klasser.<\/p>\n<p>Dyrene bed\u00f8mmes efter en k\u00e6ledyrsstandard, hvor det prim\u00e6re fokus er det generelle helhedsudtryk, musen skal v\u00e6re velpasset og have et godt temperament. Det er alts\u00e5 nogle af de s\u00f8deste dejligste k\u00e6ledyr uanset farve.<br \/>\nDet er ogs\u00e5 klassen for dyr, som m\u00e5ske ikke kan udstilles i Standard\/Sj\u00e6lden Variant, fordi der ikke findes en standard for dem. Det kan ogs\u00e5 v\u00e6re at man allerede har udstillet i Standard og nu gerne vil vide, hvordan den klarer sig i K\u00e6ledyr. Ved tilmelding i K\u00e6ledyr kan man bede om at f\u00e5 en kommentar med p\u00e5 type-standarden, hvis dette \u00f8nskes.<\/p>\n<p><strong>B<\/strong><strong>\u00f8<\/strong><strong>rnedyr<br \/>\n<\/strong><br \/>\nEr klassen, hvor b\u00f8rn til og med 14 \u00e5r kan udstille deres dyr. B\u00f8rnedyr har deres egen standard og bed\u00f8mmes i h\u00f8j grad p\u00e5 dyres kondition og tamhed. Her s\u00e6ttes ekstra h\u00f8je krav til at dyret kan h\u00e5ndteres og vise at det er velpasset.<br \/>\nKlassen er for alle vores arter.<\/p>\n<p>B\u00f8rn m\u00e5 selvf\u00f8lgelig ogs\u00e5 udstille i de andre klasser, men det er s\u00e5 p\u00e5 lige vilk\u00e5r med voksen udstillerne.<\/p>\n<p><strong>Aldersklasser<\/strong><\/p>\n<p>\u00d8rkenrotterne deles op i junior og senior klasser<br \/>\n<strong>Junior:<\/strong> Fra 12 uger til og med 29 uger.<br \/>\n<strong>Senior:<\/strong> Fra og med 30 uger.<\/p>\n<h2>L\u00e6s mere om type standard, opdeling af varianter m.m. <a href=\"https:\/\/musgerbil.dk\/?page_id=2607\">her<\/a><\/h2>\n<hr>\n<h2><strong><u>Sj\u00e6ldne arter<\/u><\/strong><\/h2>\n<p>I denne klasse udstilles de mere specielle og ikke s\u00e5 ofte sete arter af mus, gerbiler og jirds, s\u00e5som Natalmus, Fedthalemus, Egyptisk gerbil og Zebramus. Dyrenes d\u00f8mmes efter k\u00e6ledyrsstandard og der uddeles en BIS junior og en BIS p\u00e5 tv\u00e6rs af arter.<\/p>\n<p><strong>Aldersklasser<\/strong><\/p>\n<p>Sj\u00e6ldne arter deles i junior og senior klasser<\/p>\n<p><strong>Junior:<\/strong> Fra 7 uger til og med 16 uger.<br \/>\n<strong>Senior:<\/strong> Fra og med 17 uger.<\/p>\n","protected":false},"excerpt":{"rendered":"<p>I Dansk Mus &amp; Gerbil forening, Kan man udstille mus og \u00f8rkenrotter i klasserne: Standard, Sj\u00e6ldne varianter, Ustandardiserede varianter (kun mus) og K\u00e6ledyr. Der udover har vi en k\u00e6ledyrsklasse for [&hellip;]<\/p>\n","protected":false},"author":1,"featured_media":0,"parent":34,"menu_order":0,"comment_status":"closed","ping_status":"closed","template":"","meta":{"site-sidebar-layout":"default","site-content-layout":"","ast-site-content-layout":"","site-content-style":"default","site-sidebar-style":"default","ast-global-header-display":"","ast-banner-title-visibility":"","ast-main-header-display":"","ast-hfb-above-header-display":"","ast-hfb-below-header-display":"","ast-hfb-mobile-header-display":"","site-post-title":"","ast-breadcrumbs-content":"","ast-featured-img":"","footer-sml-layout":"","theme-transparent-header-meta":"","adv-header-id-meta":"","stick-header-meta":"","header-above-stick-meta":"","header-main-stick-meta":"","header-below-stick-meta":"","astra-migrate-meta-layouts":"default","ast-page-background-enabled":"default","ast-page-background-meta":{"desktop":{"background-color":"var(--ast-global-color-4)","background-image":"","background-repeat":"repeat","background-position":"center center","background-size":"auto","background-attachment":"scroll","background-type":"","background-media":"","overlay-type":"","overlay-color":"","overlay-opacity":"","overlay-gradient":""},"tablet":{"background-color":"","background-image":"","background-repeat":"repeat","background-position":"center center","background-size":"auto","background-attachment":"scroll","background-type":"","background-media":"","overlay-type":"","overlay-color":"","overlay-opacity":"","overlay-gradient":""},"mobile":{"background-color":"","background-image":"","background-repeat":"repeat","background-position":"center center","background-size":"auto","background-attachment":"scroll","background-type":"","background-media":"","overlay-type":"","overlay-color":"","overlay-opacity":"","overlay-gradient":""}},"ast-content-background-meta":{"desktop":{"background-color":"var(--ast-global-color-5)","background-image":"","background-repeat":"repeat","background-position":"center center","background-size":"auto","background-attachment":"scroll","background-type":"","background-media":"","overlay-type":"","overlay-color":"","overlay-opacity":"","overlay-gradient":""},"tablet":{"background-color":"var(--ast-global-color-5)","background-image":"","background-repeat":"repeat","background-position":"center center","background-size":"auto","background-attachment":"scroll","background-type":"","background-media":"","overlay-type":"","overlay-color":"","overlay-opacity":"","overlay-gradient":""},"mobile":{"background-color":"var(--ast-global-color-5)","background-image":"","background-repeat":"repeat","background-position":"center center","background-size":"auto","background-attachment":"scroll","background-type":"","background-media":"","overlay-type":"","overlay-color":"","overlay-opacity":"","overlay-gradient":""}},"ngg_post_thumbnail":0,"footnotes":""},"class_list":["post-2469","page","type-page","status-publish","hentry"],"_links":{"self":[{"href":"https:\/\/musgerbil.dk\/index.php?rest_route=\/wp\/v2\/pages\/2469"}],"collection":[{"href":"https:\/\/musgerbil.dk\/index.php?rest_route=\/wp\/v2\/pages"}],"about":[{"href":"https:\/\/musgerbil.dk\/index.php?rest_route=\/wp\/v2\/types\/page"}],"author":[{"embeddable":true,"href":"https:\/\/musgerbil.dk\/index.php?rest_route=\/wp\/v2\/users\/1"}],"replies":[{"embeddable":true,"href":"https:\/\/musgerbil.dk\/index.php?rest_route=%2Fwp%2Fv2%2Fcomments&post=2469"}],"version-history":[{"count":33,"href":"https:\/\/musgerbil.dk\/index.php?rest_route=\/wp\/v2\/pages\/2469\/revisions"}],"predecessor-version":[{"id":9961,"href":"https:\/\/musgerbil.dk\/index.php?rest_route=\/wp\/v2\/pages\/2469\/revisions\/9961"}],"up":[{"embeddable":true,"href":"https:\/\/musgerbil.dk\/index.php?rest_route=\/wp\/v2\/pages\/34"}],"wp:attachment":[{"href":"https:\/\/musgerbil.dk\/index.php?rest_route=%2Fwp%2Fv2%2Fmedia&parent=2469"}],"curies":[{"name":"wp","href":"https:\/\/api.w.org\/{rel}","templated":true}]}}