{"id":2094,"date":"2014-05-26T09:29:08","date_gmt":"2014-05-26T09:29:08","guid":{"rendered":"http:\/\/musgerbil.dk\/?page_id=2094"},"modified":"2022-02-17T23:49:07","modified_gmt":"2022-02-17T22:49:07","slug":"nm-de-foerste","status":"publish","type":"page","link":"https:\/\/musgerbil.dk\/?page_id=2094","title":{"rendered":"Natalmus &#8211; De f\u00f8rste"},"content":{"rendered":"<h3><strong>Overvejelser inden k\u00f8bet<\/strong><\/h3>\n<p>Inden man k\u00f8ber natalmus er der nogle ting, som er gode at have gjort sig tanker om og have styr p\u00e5.<\/p>\n<p>Natalmus bliver 2-3 \u00e5r gamle. Har du tid og lyst til at passe godt p\u00e5 dine natalmus i al den tid? De skal passes med mad og vand i det daglige og dyrl\u00e6ge hvis n\u00f8dvendigt. De skal bo i et berigende milj\u00f8, s\u00e5 stereotyp eller destruktiv adf\u00e6rd s\u00e5 vidt muligt undg\u00e5s.<br \/>\nMan skal ogs\u00e5 have styr p\u00e5, hvor natalmusene skal bo. De skal st\u00e5 et sted uden for meget tr\u00e6k og uden en masse h\u00f8je lyde og larm, da dette kan stresse dem. De m\u00e5 ikke st\u00e5 direkte i solen heller.<br \/>\nDer skal ligeledes findes plads til al dens tilbeh\u00f8r ud over buret \u2013 bundstr\u00f8, foder, godbidder, osv.<br \/>\nMan skal g\u00f8re sig klart, at bliver natalamusen syg, s\u00e5 skal man til dyrl\u00e6ge med den. Er den s\u00e5 syg, at den er ved at d\u00f8, skal man ogs\u00e5 til dyrl\u00e6ge og have den aflivet, hvis ikke man kan selv. Det er ikke ok at lade sine natalmus lide \u2013 og det strider mod dyrev\u00e6rnsloven, som altid skal overholdes:<\/p>\n<blockquote><p>\u00a7&nbsp;1. Dyr skal behandles forsvarligt og beskyttes bedst muligt mod smerte, lidelse, angst, varigt men og v\u00e6sentlig ulempe.<\/p>\n<p>\u00a7&nbsp;2. Enhver, der holder dyr, skal s\u00f8rge for, at de behandles omsorgsfuldt, herunder at de huses, fodres, vandes og passes under hensyntagen til deres fysiologiske, adf\u00e6rdsm\u00e6ssige og sundhedsm\u00e6ssige behov i overensstemmelse med anerkendte praktiske og videnskabelige erfaringer.<\/p><\/blockquote>\n<p>Det betyder at bliver den syg, s\u00e5 skal man ogs\u00e5 skal til dyrl\u00e6ge, selvom det er l\u00f8rdag aften \u2013 og det kan blive rigtig dyrt med weekend-till\u00e6g.<br \/>\nDenne overvejelse er is\u00e6r vigtig at g\u00f8re sig inden, for det er ofte her man ser folk ikke har overvejet det godt nok.<\/p>\n<p>Man skal ogs\u00e5 huske p\u00e5, hvem er natalmusene til? De kan v\u00e6re rigtig hyggelige for b\u00f8rn at have k\u00e6ledyr, men man skal huske:<\/p>\n<blockquote><p>\u00a7&nbsp;19. Dyr m\u00e5 kun overdrages til b\u00f8rn under 16 \u00e5r, hvis for\u00e6ldremyndighedsindehaveren samtykker.<\/p><\/blockquote>\n<p>For\u00e6ldrene er altid ansvarlige for b\u00f8rnenes k\u00e6ledyr, og det kan v\u00e6re en rigtig god familieting at have sammen. Men b\u00f8rn m\u00e5 aldrig alene have hele ansvaret for et k\u00e6ledyr alene.<\/p>\n<p>&nbsp;<\/p>\n<h3><strong>Hvor k\u00f8ber man dem<\/strong><\/h3>\n<p>Natalmus kan v\u00e6re sv\u00e6re at finde, s\u00e6rligt hvis de skal v\u00e6re tamme.<br \/>\nMange tror stadig at dyrehandleren er stedet, at k\u00f8be sin nye natalmus, men der er s\u00e5 sm\u00e5t ved at dukke natalmus p\u00e5 ude p\u00e5 det private marked.<\/p>\n<p>Dyrehandleren er det sted, hvor vi k\u00f8ber \u201cimpuls\u201d \u2013 for hvem ved om den er der i morgen.<br \/>\nVi kender dyrehandleren, og vi ved hvilke vilk\u00e5r de kommer fra, det kan man jo se.<br \/>\nOg de vilk\u00e5r er meget forskellige fra sted til sted!<br \/>\nNogle dyrehandlere passer dem ganske fint og s\u00f8rger for, at de har hvad de beh\u00f8ver.<br \/>\nMen der er mange usikkerheder ved at k\u00f8be i en dyrehandel!<br \/>\nMan kender sj\u00e6ldent baggrund p\u00e5 natalamus og temperament og sundhed er i h\u00f8j grad arveligt betinget.<br \/>\nDyrehandlere skal tjene p\u00e5 deres dyr \u2013 det er et faktum at de er en butik, som skal tjene penge p\u00e5 sine produkter. Hvor stor en selektion der er p\u00e5 for\u00e6ldredyrene er ogs\u00e5 altid meget svingende, og derfor ved man aldrig rigtig hvad man f\u00e5r fra en dyrehandel. Det kan v\u00e6re alt lige fra den mest nuttede k\u00e6lne natalamus til et arrigt b\u00e6st, som man aldrig f\u00e5r ordentligt tam.<br \/>\nRisikoen for at f\u00e5 en dr\u00e6gtig hun med hjem fra dyrehandleren og misinformationer er desv\u00e6rre ogs\u00e5 skr\u00e6mmende h\u00f8j.<br \/>\nNatalmus har i dyrehandlerne i lang tid v\u00e6ret anset som et foderdyr til slanger. Derfor har avlen p\u00e5 godt temperament sj\u00e6ldent v\u00e6ret i h\u00f8js\u00e6de.<\/p>\n<p>Der er ogs\u00e5 andre muligheder end dyrehandleren i dag.<br \/>\nDer er \u201cnaboens nabo\u201d, som pludselig har f\u00e5et unger. De unger er sj\u00e6ldent s\u00e6rligt meget planlagte, men dog h\u00f8jt elsket af ejerne. De f\u00e5r daglig h\u00e5ndtering i massevis og bliver h\u00e5ndteret meget mere end f.eks. en dyrehandel kan n\u00e5 det.<br \/>\nDisse \u201chovsa\u201d-kuld kommer rigtig ofte hos \u201cfamilien Danmark\u201d og ungerne bliver ofte rigtig dejlige og fint h\u00e5ndtamme.<br \/>\nFor\u00e6ldrene er jo k\u00e6ledyr hos ejeren og derfor kan man som oftest sige noget om for\u00e6ldrenes helbred og temperament, men derfra stopper oplysningerne typisk ogs\u00e5 om baggrunden. Ikke mange \u201chelt almindelige ejere\u201d ved s\u00e5 meget om diverse sygdomme osv., s\u00e5 igen er man lidt p\u00e5 bar bund, n\u00e5r det kommer til selektion af for\u00e6ldredyrene.<br \/>\nMen man f\u00e5r som udgangspunkt nogle rigtig l\u00e6kre k\u00e6ledyr ud af det \u2013 men det er som regel ogs\u00e5 alt man f\u00e5r.<\/p>\n<p>Endeligt er der en lille bitte skare af passionerede opdr\u00e6ttere. De g\u00e5r med liv og sj\u00e6l op i dyrenes sundhed, temperament og baggrund. De er i f\u00e5tal og derfor kan det v\u00e6re sv\u00e6rt at f\u00e5 en natalmus fra en opdr\u00e6tter. Det er klart en af de st\u00f8rste ulemper, hvis man v\u00e6lger at finde en rigtig opdr\u00e6tter at k\u00f8be af \u2013 det er mere besv\u00e6rligt som udgangspunkt. Dog er en meget vigtig fordel: Man ved, hvad man f\u00e5r. En dygtig opdr\u00e6tter ved pr\u00e6cis, hvad der ligger bag ved for\u00e6ldredyrene i en parring, og selekterer ud fra at b\u00e5de temperament og sundhed skal v\u00e6re i orden i flere generationer bagud. De har sat sig ind i alle basis ting omkring pasning og pleje, men ogs\u00e5 om avl og opdr\u00e6t, foder under opv\u00e6ksten og dr\u00e6gtigheden, ungernes opv\u00e6kst og nogle har ogs\u00e5 sat sig ind i farver og genetik \u2013 og de kan r\u00e5de og vejlede k\u00f8beren&nbsp;rigtig godt. Opdr\u00e6ttere s\u00e6tter en \u00e6re i at lave s\u00e5 dejlige dyr som muligt, og derfor f\u00e5r man som regel rigtig dejlige k\u00e6ledyr, ofte fulgt af stamtavle, masser af gode informationer og r\u00e5d og som oftest ogs\u00e5 en god madpakke og billeder fra opv\u00e6ksten.<\/p>\n<p>Hvor man v\u00e6lger at k\u00f8be sine natalmus fra, st\u00e5r enhver frit, og ingen natalmus er pr. definition bedre end andre.<br \/>\nMen man skal huske: Des mindre folk g\u00e5r op i opdr\u00e6t, des mindre kan man som regel ogs\u00e5 f\u00e5 at vide om sine nye k\u00e6ledyr. Dermed ogs\u00e5&nbsp;mindre sikkerhed for, hvad det er man k\u00f8ber.<br \/>\nFamilier har som regel mere tid til at h\u00e5ndtere ungerne, frem for f.eks. en dyrehandler. Mange dyrehandlere har prim\u00e6rt dyrene for at tjene penge \u2013 det har private som udgangspunkt ikke. D\u00e9r ligger den store forskel som regel i; hvor dejlig og tam en \u00f8rkenrotte man f\u00e5r med hjem.<\/p>\n<p>&nbsp;<\/p>\n<h3><strong>Forberedelser \u2013 hvad skal man have klar?<\/strong><\/h3>\n<p>Inden ens nye k\u00e6ledyr flytter ind, er der nogle ting som er rigtig godt at have p\u00e5 plads.<\/p>\n<p>Buret skal v\u00e6re indk\u00f8bt og det skal have en fast plads.<br \/>\nDet kan v\u00e6re en rigtig god id\u00e9 at indrette buret i 14 dages tid inden. S\u00e5 har man haft buret til at st\u00e5 og man f\u00e5r en fornemmelse for, om man nu ogs\u00e5&nbsp;kan t\u00e5le f.eks. h\u00f8 eller sp\u00e5ner. Det er s\u00e5 tr\u00e6ls at f\u00e5 k\u00e6ledyret hjem og f\u00f8rst opdage allergi bagefter.<\/p>\n<p>I buret skal alt ogs\u00e5 helst v\u00e6re klar;&nbsp; redemateriale, m\u00e5ske et hus\/rede, div. leget\u00f8j i form af f.eks. tunneler, r\u00f8r, broer, kravleklodser, h\u00e6ngek\u00f8jer osv., vandflaske, madsk\u00e5l osv. er ogs\u00e5 inventar i buret sammen med et lag bundstr\u00f8. Dog er det ikke alle der bruger madsk\u00e5l. Nogle spreder foderet ud over bunden af buret, for at give natalmusene lidt stimulering i at lade dem finde sin mad selv. Dette giver naturligvis ogs\u00e5 lidt madspil, men kan v\u00e6re rigtig givende for dine natalmus og lidt mere naturligt for den, at skulle finde mad i budstr\u00f8 og leget\u00f8j.<\/p>\n<p>Foder og bundstr\u00f8 skal v\u00e6re valgt og indk\u00f8bt, en gnaverkyndig dyrl\u00e6ge er ogs\u00e5 godt at have fundet inden, man st\u00e5r og har brug for det. S\u00e5 ved man, hvor man skal rette henvendelse, hvis uheldet er ude og natalamusen bliver syg.<\/p>\n<p>&nbsp;<\/p>\n<h3><strong>De f\u00f8rste dage og g\u00f8re dem tamme<\/strong><\/h3>\n<p>Allerede dagen efter de er flyttet ind kan man som regel s\u00e6tte h\u00e5nden ned til dem, hvor de vil komme og snuse og m\u00e5ske tage mad far h\u00e5nden. Nogle er mere madglade end andre og nogle vil f.eks. kun tage solsikkekerner. Sp\u00f8rg der hvor du k\u00f8ber natalmusen, om de har nogle pr\u00e6ferencer allerede p\u00e5 k\u00f8bstidspunktet.<br \/>\nAllerede efter et par dage med kontakt vil den m\u00e5ske begynde at tr\u00e6de op i h\u00e6nderne og spise \u2013 her er det vigtigt at man ikke l\u00f8fter h\u00e6nderne. Med t\u00e5lmodighed vil de v\u00e6nne sig til at sidde i h\u00e6nderne og efter nogle uger kan man begynde at bev\u00e6ge h\u00e5nden i buret, s\u00e5 de l\u00e6rer at det ikke er farligt.<br \/>\nEfter nogle uger med daglig h\u00e5ndtering, kan man v\u00e6re heldig at have en natalmus, som sidder p\u00e6nt i h\u00e5nden og spiser tillidsfuldt af lidt guf.<br \/>\nMan m\u00e5 aldrig tage dem i halen, da denne er meget sart og kan br\u00e6kke af, hvis man tager fat for langt ud. Man kan, hvis n\u00f8dvendigt, tage forsigtig om roden af halen. Men det er ikke rart for dem at blive l\u00f8ftet i halen.<br \/>\nI stedet skal man flytte dem i en hul h\u00e5nd, evt. med ens anden h\u00e5nd hen over, s\u00e5 den ikke kan hoppe v\u00e6k. Men husk \u2013 de gider ikke sidde stille s\u00e5 l\u00e6nge af gangen, s\u00e5 den vil fors\u00f8ge at grave sig ud af h\u00e6nderne, hvis den sidder i denne \u201chule\u201d i h\u00e6nderne for l\u00e6nge.<\/p>\n","protected":false},"excerpt":{"rendered":"<p>Overvejelser inden k\u00f8bet Inden man k\u00f8ber natalmus er der nogle ting, som er gode at have gjort sig tanker om og have styr p\u00e5. Natalmus bliver 2-3 \u00e5r gamle. Har [&hellip;]<\/p>\n","protected":false},"author":1,"featured_media":0,"parent":2092,"menu_order":0,"comment_status":"closed","ping_status":"closed","template":"","meta":{"site-sidebar-layout":"default","site-content-layout":"","ast-site-content-layout":"","site-content-style":"default","site-sidebar-style":"default","ast-global-header-display":"","ast-banner-title-visibility":"","ast-main-header-display":"","ast-hfb-above-header-display":"","ast-hfb-below-header-display":"","ast-hfb-mobile-header-display":"","site-post-title":"","ast-breadcrumbs-content":"","ast-featured-img":"","footer-sml-layout":"","theme-transparent-header-meta":"","adv-header-id-meta":"","stick-header-meta":"","header-above-stick-meta":"","header-main-stick-meta":"","header-below-stick-meta":"","astra-migrate-meta-layouts":"default","ast-page-background-enabled":"default","ast-page-background-meta":{"desktop":{"background-color":"var(--ast-global-color-4)","background-image":"","background-repeat":"repeat","background-position":"center center","background-size":"auto","background-attachment":"scroll","background-type":"","background-media":"","overlay-type":"","overlay-color":"","overlay-opacity":"","overlay-gradient":""},"tablet":{"background-color":"","background-image":"","background-repeat":"repeat","background-position":"center center","background-size":"auto","background-attachment":"scroll","background-type":"","background-media":"","overlay-type":"","overlay-color":"","overlay-opacity":"","overlay-gradient":""},"mobile":{"background-color":"","background-image":"","background-repeat":"repeat","background-position":"center center","background-size":"auto","background-attachment":"scroll","background-type":"","background-media":"","overlay-type":"","overlay-color":"","overlay-opacity":"","overlay-gradient":""}},"ast-content-background-meta":{"desktop":{"background-color":"var(--ast-global-color-5)","background-image":"","background-repeat":"repeat","background-position":"center center","background-size":"auto","background-attachment":"scroll","background-type":"","background-media":"","overlay-type":"","overlay-color":"","overlay-opacity":"","overlay-gradient":""},"tablet":{"background-color":"var(--ast-global-color-5)","background-image":"","background-repeat":"repeat","background-position":"center center","background-size":"auto","background-attachment":"scroll","background-type":"","background-media":"","overlay-type":"","overlay-color":"","overlay-opacity":"","overlay-gradient":""},"mobile":{"background-color":"var(--ast-global-color-5)","background-image":"","background-repeat":"repeat","background-position":"center center","background-size":"auto","background-attachment":"scroll","background-type":"","background-media":"","overlay-type":"","overlay-color":"","overlay-opacity":"","overlay-gradient":""}},"ngg_post_thumbnail":0,"footnotes":""},"class_list":["post-2094","page","type-page","status-publish","hentry"],"_links":{"self":[{"href":"https:\/\/musgerbil.dk\/index.php?rest_route=\/wp\/v2\/pages\/2094"}],"collection":[{"href":"https:\/\/musgerbil.dk\/index.php?rest_route=\/wp\/v2\/pages"}],"about":[{"href":"https:\/\/musgerbil.dk\/index.php?rest_route=\/wp\/v2\/types\/page"}],"author":[{"embeddable":true,"href":"https:\/\/musgerbil.dk\/index.php?rest_route=\/wp\/v2\/users\/1"}],"replies":[{"embeddable":true,"href":"https:\/\/musgerbil.dk\/index.php?rest_route=%2Fwp%2Fv2%2Fcomments&post=2094"}],"version-history":[{"count":6,"href":"https:\/\/musgerbil.dk\/index.php?rest_route=\/wp\/v2\/pages\/2094\/revisions"}],"predecessor-version":[{"id":9236,"href":"https:\/\/musgerbil.dk\/index.php?rest_route=\/wp\/v2\/pages\/2094\/revisions\/9236"}],"up":[{"embeddable":true,"href":"https:\/\/musgerbil.dk\/index.php?rest_route=\/wp\/v2\/pages\/2092"}],"wp:attachment":[{"href":"https:\/\/musgerbil.dk\/index.php?rest_route=%2Fwp%2Fv2%2Fmedia&parent=2094"}],"curies":[{"name":"wp","href":"https:\/\/api.w.org\/{rel}","templated":true}]}}