{"id":173,"date":"2014-04-05T21:11:59","date_gmt":"2014-04-05T21:11:59","guid":{"rendered":"http:\/\/musgerbil.dk\/?page_id=173"},"modified":"2022-02-17T23:49:10","modified_gmt":"2022-02-17T22:49:10","slug":"buret","status":"publish","type":"page","link":"https:\/\/musgerbil.dk\/?page_id=173","title":{"rendered":"Buret"},"content":{"rendered":"<p>F\u00f8lgende beskrivelse er blot en inspirationskilde, da der ikke findes et facit for, hvordan buret skal v\u00e6re, idet man selv er bedst til at bed\u00f8mme, hvad sine mus kr\u00e6ver.<\/p>\n<p>Buret til k\u00e6lemus b\u00f8r altid indrettes med mindst en hule og en aktivitet. Gerne mere. Det er kun fantasien, der s\u00e6tter gr\u00e6nser. Man kan v\u00e6re opm\u00e6rksom p\u00e5 at g\u00f8re buret s\u00e5 sp\u00e6ndende, som muligt for sine mus. Det er en god ide med klatremuligheder, idet mus elsker at klatre.<\/p>\n<p><strong>Burst\u00f8rrelse<br \/>\n<\/strong>Der er ikke en bestemt st\u00f8rrelse buret SKAL v\u00e6re, og der er mange meninger om, hvor stort et bur b\u00f8r v\u00e6re. St\u00f8rrelsen afh\u00e6nger dog af, hvor mange mus, der skal g\u00e5 i det.<br \/>\nHvis det er en gruppe hunmus, b\u00f8r man i stedet se p\u00e5, hvordan gruppen fungerer. Nogle grupper kan fungere fint i et lidt mindre bur, mens andre kr\u00e6ver et st\u00f8rre.<\/p>\n<p>Desuden afh\u00e6nger burst\u00f8rrelsen af, hvordan buret er indrettet. Man kan f\u00e5 bure med op til tre etager eller flere og indrette med f.eks. platforme, som g\u00f8r at burets st\u00f8rrelse udnyttes bedst muligt.<\/p>\n<p><strong>Burtype<br \/>\n<\/strong>Det man f\u00f8rst og fremmest b\u00f8r overveje, n\u00e5r man k\u00f8ber bur er, at der er gode ventilations muligheder, og at tremmeafstanden i et bur er smalt.<\/p>\n<p>Forslag til burtype:<br \/>\n&#8211; Et plastikbur med tremmer for oven.<br \/>\n&#8211; Et tremmebur med lille tremmeafstand(V\u00e6r opm\u00e6rksom p\u00e5 at det kan svine lidt).<br \/>\n&#8211; Et glasakvarium med tremmetop af fx tr\u00e5dnet.<br \/>\n&#8211; En ombygget opbevaringskasse med tremmetop af fx tr\u00e5dnet.<br \/>\n&#8211; Labbur \u2013 de store.<\/p>\n<p><strong>Bundstr\u00f8<br \/>\n<\/strong>Mus f\u00e5r let luftvejsinfektioner, og derfor b\u00f8r et st\u00f8vfrit bundstr\u00f8else anvendes.<br \/>\nDet kan v\u00e6re:<\/p>\n<p>&#8211; &nbsp; &nbsp; &nbsp; &nbsp; &nbsp;Biobase\/Hemparade\/hempsp\u00e5ner<br \/>\nSp\u00e5ner\/flis lavet p\u00e5 kernen fra industri-hamp. Denne type har v\u00e6ret kendt hos heste i mange \u00e5r efterh\u00e5nden. De er som regel ret st\u00f8vfrie og holder l\u00e6nge. Biobase er tilsat eukalyptus, hvilket nogen synes mindsker lugtgener.<\/p>\n<p>&#8211;&nbsp;&nbsp;&nbsp;&nbsp;&nbsp;&nbsp;&nbsp;&nbsp;&nbsp; Carefresh<br \/>\nEn type cellulosebaseret bundstr\u00f8 lavet p\u00e5 rester fra papirindustrien. Er super bl\u00f8dt og holder l\u00e6nge. Er noget dyrere i indk\u00f8b end s\u00e5 meget andet, men ofte ret st\u00f8vfrit.<\/p>\n<p>&nbsp;&#8211;&nbsp;&nbsp;&nbsp;&nbsp;&nbsp;&nbsp;&nbsp;&nbsp;&nbsp; Boxo Comfort<br \/>\nEr ogs\u00e5 et cellulosebaseret bundstr\u00f8, men i noget mindre og tyndere stykker end Carefreshe. I struktur minder det mere om toiletpapir revet i sm\u00e5 strimler. Billigere end Carefresh, men ellers ikke den store forskel.<\/p>\n<p>&#8211; &nbsp; &nbsp; &nbsp; &nbsp; &nbsp;Tierwohl super\/Chipsi<br \/>\nGranulat\/fin flis, som er st\u00f8vfrit og holder l\u00e6nge.<\/p>\n<p><strong>Redemateriale<br \/>\n<\/strong>Mus bygger reder \u2013 b\u00e5de hanner og hunner. Derfor har de brug for noget materiale til at bygge reder af. Materialet kan spredes rundt i buret for at give aktivering. Forslag til redemateriale kan v\u00e6re:<br \/>\n&#8211; Avispapir samt toiletpapir i strimler.<br \/>\n&#8211; Varmebehandlet bl\u00f8dt h\u00f8.<\/p>\n<p>Undg\u00e5:<br \/>\n&#8211; Hamstervat, da musene f.eks. kan f\u00e5 et ben viklet ind i vattet, hvilket kan stoppe &#8211; blodtilf\u00f8rslen til det sted, der er viklet ind. De kan ogs\u00e5 kv\u00e6les i det.<br \/>\n&#8211; Ubehandlet h\u00f8, da det kan indeholde ut\u00f8j, som kan angribe musenes overflade. Det kan det l\u00e6gges i fryser et d\u00f8gn, s\u00e5 man undg\u00e5r ut\u00f8jet.<\/p>\n<p><strong>Andet indhold<\/strong><br \/>\n<em>Aktivering<\/em><strong><br \/>\n<\/strong>Mus b\u00f8r have adgang til aktivering. Dette kan v\u00e6re:<\/p>\n<p><em>L\u00f8behjul<\/em><br \/>\nGerne Flying Saucers eller Running Disc, da musene ikke risikerer en unaturlig stilling, som kan \u00f8del\u00e6gge deres ryg. Hvis man v\u00e6lger et almindeligt rundt l\u00f8behjul, skal det v\u00e6re uden metalgitter, s\u00e5 poter\/hale ikke kommer i klemme. Derudover skal hjulet v\u00e6ret stort nok til, at musen ikke svajer i ryggen, n\u00e5r det benyttes.<\/p>\n<p><em>Klatremuligheder<\/em><br \/>\nKan v\u00e6re uspr\u00f8jtede grene, platforme, stiger o. lign.<\/p>\n<p><em>Huler\/gemmesteder<\/em><br \/>\nKan v\u00e6re tr\u00e6huse, tunneler, udhulede kokosn\u00f8dder, toiletpapirsruller o. lign.<\/p>\n<p><em>Madsk\u00e5l<\/em><br \/>\nGerne en tung keramiksk\u00e5l, som ikke kan v\u00e6ltes, s\u00e6ttes i god h\u00f8jde, hvis det er muligt(evt. p\u00e5 et hus). Et h\u00e6ngekar kan benyttes til tremmebure, s\u00e5 man undg\u00e5r str\u00f8else i sk\u00e5len.<\/p>\n<p><em>Vandflaske\/sk\u00e5l<\/em><br \/>\nBenyttes vandflaske undg\u00e5r man, at vandet bliver beskidt, samt at bundstr\u00f8elsen bliver v\u00e5d. Hvis der benyttes en sk\u00e5l til vand, b\u00f8r den st\u00e5 i en god h\u00f8jde. \u00c6ggeb\u00e6gre kan eventuelt benyttes, idet de er tunge og h\u00f8je. Det kan ogs\u00e5 v\u00e6re et h\u00e6ngekar.<\/p>\n<p>&nbsp;<\/p>\n<p>Skrevet af Kathrine Riisager p\u00e5 vegne af Dansk Mus &amp; Gerbil<\/p>\n","protected":false},"excerpt":{"rendered":"<p>F\u00f8lgende beskrivelse er blot en inspirationskilde, da der ikke findes et facit for, hvordan buret skal v\u00e6re, idet man selv er bedst til at bed\u00f8mme, hvad sine mus kr\u00e6ver. Buret [&hellip;]<\/p>\n","protected":false},"author":1,"featured_media":0,"parent":131,"menu_order":3,"comment_status":"closed","ping_status":"closed","template":"","meta":{"site-sidebar-layout":"default","site-content-layout":"","ast-site-content-layout":"","site-content-style":"default","site-sidebar-style":"default","ast-global-header-display":"","ast-banner-title-visibility":"","ast-main-header-display":"","ast-hfb-above-header-display":"","ast-hfb-below-header-display":"","ast-hfb-mobile-header-display":"","site-post-title":"","ast-breadcrumbs-content":"","ast-featured-img":"","footer-sml-layout":"","theme-transparent-header-meta":"","adv-header-id-meta":"","stick-header-meta":"","header-above-stick-meta":"","header-main-stick-meta":"","header-below-stick-meta":"","astra-migrate-meta-layouts":"default","ast-page-background-enabled":"default","ast-page-background-meta":{"desktop":{"background-color":"var(--ast-global-color-4)","background-image":"","background-repeat":"repeat","background-position":"center center","background-size":"auto","background-attachment":"scroll","background-type":"","background-media":"","overlay-type":"","overlay-color":"","overlay-opacity":"","overlay-gradient":""},"tablet":{"background-color":"","background-image":"","background-repeat":"repeat","background-position":"center center","background-size":"auto","background-attachment":"scroll","background-type":"","background-media":"","overlay-type":"","overlay-color":"","overlay-opacity":"","overlay-gradient":""},"mobile":{"background-color":"","background-image":"","background-repeat":"repeat","background-position":"center center","background-size":"auto","background-attachment":"scroll","background-type":"","background-media":"","overlay-type":"","overlay-color":"","overlay-opacity":"","overlay-gradient":""}},"ast-content-background-meta":{"desktop":{"background-color":"var(--ast-global-color-5)","background-image":"","background-repeat":"repeat","background-position":"center center","background-size":"auto","background-attachment":"scroll","background-type":"","background-media":"","overlay-type":"","overlay-color":"","overlay-opacity":"","overlay-gradient":""},"tablet":{"background-color":"var(--ast-global-color-5)","background-image":"","background-repeat":"repeat","background-position":"center center","background-size":"auto","background-attachment":"scroll","background-type":"","background-media":"","overlay-type":"","overlay-color":"","overlay-opacity":"","overlay-gradient":""},"mobile":{"background-color":"var(--ast-global-color-5)","background-image":"","background-repeat":"repeat","background-position":"center center","background-size":"auto","background-attachment":"scroll","background-type":"","background-media":"","overlay-type":"","overlay-color":"","overlay-opacity":"","overlay-gradient":""}},"ngg_post_thumbnail":0,"footnotes":""},"class_list":["post-173","page","type-page","status-publish","hentry"],"_links":{"self":[{"href":"https:\/\/musgerbil.dk\/index.php?rest_route=\/wp\/v2\/pages\/173"}],"collection":[{"href":"https:\/\/musgerbil.dk\/index.php?rest_route=\/wp\/v2\/pages"}],"about":[{"href":"https:\/\/musgerbil.dk\/index.php?rest_route=\/wp\/v2\/types\/page"}],"author":[{"embeddable":true,"href":"https:\/\/musgerbil.dk\/index.php?rest_route=\/wp\/v2\/users\/1"}],"replies":[{"embeddable":true,"href":"https:\/\/musgerbil.dk\/index.php?rest_route=%2Fwp%2Fv2%2Fcomments&post=173"}],"version-history":[{"count":10,"href":"https:\/\/musgerbil.dk\/index.php?rest_route=\/wp\/v2\/pages\/173\/revisions"}],"predecessor-version":[{"id":9127,"href":"https:\/\/musgerbil.dk\/index.php?rest_route=\/wp\/v2\/pages\/173\/revisions\/9127"}],"up":[{"embeddable":true,"href":"https:\/\/musgerbil.dk\/index.php?rest_route=\/wp\/v2\/pages\/131"}],"wp:attachment":[{"href":"https:\/\/musgerbil.dk\/index.php?rest_route=%2Fwp%2Fv2%2Fmedia&parent=173"}],"curies":[{"name":"wp","href":"https:\/\/api.w.org\/{rel}","templated":true}]}}