{"id":1578,"date":"2014-04-30T06:14:02","date_gmt":"2014-04-30T06:14:02","guid":{"rendered":"http:\/\/musgerbil.dk\/?page_id=1578"},"modified":"2022-02-17T23:49:07","modified_gmt":"2022-02-17T22:49:07","slug":"generelt-om-pm","status":"publish","type":"page","link":"https:\/\/musgerbil.dk\/?page_id=1578","title":{"rendered":"Pigmus"},"content":{"rendered":"<h3>Basis info<\/h3>\n<p>Videnskabeligt navn: Acomys cahirinus<br \/>\nOrden: <span class=\"order\">Rodentia<\/span><br \/>\nSl\u00e6gt: Acomys<br \/>\nFamilie: <span class=\"family\">Muridae<\/span><br \/>\nSubfamilie: Deomyinae<br \/>\nGenus: <span class=\"st\">Acomys <\/span><br \/>\nOprindelsesland: Egypten &#8211; Nordafrika<br \/>\nGennemsnits alder ligger p\u00e5 3-5 \u00e5r<br \/>\nK\u00f8nsmoden: ca 2 mdr<br \/>\nGennemsnitsst\u00f8rrelse p\u00e5 kuld: 1-5 unger<\/p>\n<p><strong>Flere Emner<\/strong><\/p>\n<p><a href=\"https:\/\/musgerbil.dk\/wp-content\/uploads\/IMG_3840-1-1-1-1.jpg\"><img fetchpriority=\"high\" decoding=\"async\" class=\"alignnone size-medium wp-image-5349\" src=\"https:\/\/musgerbil.dk\/wp-content\/uploads\/IMG_3840-300x208.jpg\" alt=\"IMG_3840\" width=\"300\" height=\"208\" srcset=\"https:\/\/musgerbil.dk\/wp-content\/uploads\/IMG_3840-300x208.jpg 300w, https:\/\/musgerbil.dk\/wp-content\/uploads\/IMG_3840-600x416.jpg 600w, https:\/\/musgerbil.dk\/wp-content\/uploads\/IMG_3840.jpg 800w\" sizes=\"(max-width: 300px) 100vw, 300px\" \/><\/a><\/p>\n<p>&nbsp;<\/p>\n","protected":false},"excerpt":{"rendered":"<p>Basis info Videnskabeligt navn: Acomys cahirinus Orden: Rodentia Sl\u00e6gt: Acomys Familie: Muridae Subfamilie: Deomyinae Genus: Acomys Oprindelsesland: Egypten &#8211; Nordafrika Gennemsnits alder ligger p\u00e5 3-5 \u00e5r K\u00f8nsmoden: ca 2 mdr [&hellip;]<\/p>\n","protected":false},"author":1,"featured_media":0,"parent":1576,"menu_order":0,"comment_status":"closed","ping_status":"closed","template":"","meta":{"site-sidebar-layout":"default","site-content-layout":"","ast-site-content-layout":"","site-content-style":"default","site-sidebar-style":"default","ast-global-header-display":"","ast-banner-title-visibility":"","ast-main-header-display":"","ast-hfb-above-header-display":"","ast-hfb-below-header-display":"","ast-hfb-mobile-header-display":"","site-post-title":"","ast-breadcrumbs-content":"","ast-featured-img":"","footer-sml-layout":"","theme-transparent-header-meta":"","adv-header-id-meta":"","stick-header-meta":"","header-above-stick-meta":"","header-main-stick-meta":"","header-below-stick-meta":"","astra-migrate-meta-layouts":"default","ast-page-background-enabled":"default","ast-page-background-meta":{"desktop":{"background-color":"var(--ast-global-color-4)","background-image":"","background-repeat":"repeat","background-position":"center center","background-size":"auto","background-attachment":"scroll","background-type":"","background-media":"","overlay-type":"","overlay-color":"","overlay-opacity":"","overlay-gradient":""},"tablet":{"background-color":"","background-image":"","background-repeat":"repeat","background-position":"center center","background-size":"auto","background-attachment":"scroll","background-type":"","background-media":"","overlay-type":"","overlay-color":"","overlay-opacity":"","overlay-gradient":""},"mobile":{"background-color":"","background-image":"","background-repeat":"repeat","background-position":"center center","background-size":"auto","background-attachment":"scroll","background-type":"","background-media":"","overlay-type":"","overlay-color":"","overlay-opacity":"","overlay-gradient":""}},"ast-content-background-meta":{"desktop":{"background-color":"var(--ast-global-color-5)","background-image":"","background-repeat":"repeat","background-position":"center center","background-size":"auto","background-attachment":"scroll","background-type":"","background-media":"","overlay-type":"","overlay-color":"","overlay-opacity":"","overlay-gradient":""},"tablet":{"background-color":"var(--ast-global-color-5)","background-image":"","background-repeat":"repeat","background-position":"center center","background-size":"auto","background-attachment":"scroll","background-type":"","background-media":"","overlay-type":"","overlay-color":"","overlay-opacity":"","overlay-gradient":""},"mobile":{"background-color":"var(--ast-global-color-5)","background-image":"","background-repeat":"repeat","background-position":"center center","background-size":"auto","background-attachment":"scroll","background-type":"","background-media":"","overlay-type":"","overlay-color":"","overlay-opacity":"","overlay-gradient":""}},"ngg_post_thumbnail":0,"footnotes":""},"class_list":["post-1578","page","type-page","status-publish","hentry"],"_links":{"self":[{"href":"https:\/\/musgerbil.dk\/index.php?rest_route=\/wp\/v2\/pages\/1578"}],"collection":[{"href":"https:\/\/musgerbil.dk\/index.php?rest_route=\/wp\/v2\/pages"}],"about":[{"href":"https:\/\/musgerbil.dk\/index.php?rest_route=\/wp\/v2\/types\/page"}],"author":[{"embeddable":true,"href":"https:\/\/musgerbil.dk\/index.php?rest_route=\/wp\/v2\/users\/1"}],"replies":[{"embeddable":true,"href":"https:\/\/musgerbil.dk\/index.php?rest_route=%2Fwp%2Fv2%2Fcomments&post=1578"}],"version-history":[{"count":9,"href":"https:\/\/musgerbil.dk\/index.php?rest_route=\/wp\/v2\/pages\/1578\/revisions"}],"predecessor-version":[{"id":11363,"href":"https:\/\/musgerbil.dk\/index.php?rest_route=\/wp\/v2\/pages\/1578\/revisions\/11363"}],"up":[{"embeddable":true,"href":"https:\/\/musgerbil.dk\/index.php?rest_route=\/wp\/v2\/pages\/1576"}],"wp:attachment":[{"href":"https:\/\/musgerbil.dk\/index.php?rest_route=%2Fwp%2Fv2%2Fmedia&parent=1578"}],"curies":[{"name":"wp","href":"https:\/\/api.w.org\/{rel}","templated":true}]}}