{"id":1133,"date":"2014-04-11T07:22:19","date_gmt":"2014-04-11T07:22:19","guid":{"rendered":"http:\/\/musgerbil.dk\/?page_id=1133"},"modified":"2022-02-17T23:49:07","modified_gmt":"2022-02-17T22:49:07","slug":"banded-mus","status":"publish","type":"page","link":"https:\/\/musgerbil.dk\/?page_id=1133","title":{"rendered":"Banded &#8211; Mus"},"content":{"rendered":"<p><strong>Genetik:<\/strong> W(sh)_<br \/>\n<strong>Aftegning:<\/strong> Uanset farve \u00f8nskes denne s\u00e5 t\u00e6t p\u00e5 farvens standard som muligt. Selve b\u00e5ndet skal v\u00e6re hvidt og ubrudt, fylde ca. en fjerdedel af kroppens l\u00e6ngde, og v\u00e6re placeret p\u00e5 den tredje fjerdedel af hele musens l\u00e6ngde, eksklusiv halen. Skarpt markerede farveskift, samt ensartet j\u00e6vnt b\u00e5nd er meget vigtigt.<br \/>\nMaven er et ubrudt j\u00e6vnt b\u00e5nd, uden farvede pletter.<br \/>\n<strong>Hale:<\/strong> Ensfarvet som musens grundfarve.<br \/>\n<strong>F\u00f8dder:<\/strong> Forpoterne skal v\u00e6re hvide, og bagpoterne skal v\u00e6re hvide fra t\u00e5 spidserne til midt p\u00e5 foden, og derefter topcoatens farve. Neutrale lyse kl\u00f8r \u00f8nskes.<br \/>\n<strong>\u00d8jne og \u00f8rer:<\/strong> Som farvens standard.<br \/>\n<strong>Almindelige fejl:<\/strong> Brud p\u00e5 b\u00e5ndet eller farvede pletter i selve b\u00e5ndet, samt hvide \u201dafstikkere\u201d p\u00e5 de resterende tre fjerdedele af kroppen. Headspots og andre hvide pletter p\u00e5 kroppen (som vil tr\u00e6kke meget ned i en bed\u00f8mmelse) Uensartet\/uskarpt b\u00e5nd. Hvid halespids.<\/p>\n<p><strong>Udstillingsvariant:<\/strong> Standard, Hvide Aftegn<\/p>\nngg_shortcode_0_placeholder\n","protected":false},"excerpt":{"rendered":"<p>Genetik: W(sh)_ Aftegning: Uanset farve \u00f8nskes denne s\u00e5 t\u00e6t p\u00e5 farvens standard som muligt. Selve b\u00e5ndet skal v\u00e6re hvidt og ubrudt, fylde ca. en fjerdedel af kroppens l\u00e6ngde, og v\u00e6re [&hellip;]<\/p>\n","protected":false},"author":1,"featured_media":0,"parent":150,"menu_order":0,"comment_status":"closed","ping_status":"closed","template":"","meta":{"site-sidebar-layout":"default","site-content-layout":"","ast-site-content-layout":"","site-content-style":"default","site-sidebar-style":"default","ast-global-header-display":"","ast-banner-title-visibility":"","ast-main-header-display":"","ast-hfb-above-header-display":"","ast-hfb-below-header-display":"","ast-hfb-mobile-header-display":"","site-post-title":"","ast-breadcrumbs-content":"","ast-featured-img":"","footer-sml-layout":"","theme-transparent-header-meta":"","adv-header-id-meta":"","stick-header-meta":"","header-above-stick-meta":"","header-main-stick-meta":"","header-below-stick-meta":"","astra-migrate-meta-layouts":"default","ast-page-background-enabled":"default","ast-page-background-meta":{"desktop":{"background-color":"var(--ast-global-color-4)","background-image":"","background-repeat":"repeat","background-position":"center center","background-size":"auto","background-attachment":"scroll","background-type":"","background-media":"","overlay-type":"","overlay-color":"","overlay-opacity":"","overlay-gradient":""},"tablet":{"background-color":"","background-image":"","background-repeat":"repeat","background-position":"center center","background-size":"auto","background-attachment":"scroll","background-type":"","background-media":"","overlay-type":"","overlay-color":"","overlay-opacity":"","overlay-gradient":""},"mobile":{"background-color":"","background-image":"","background-repeat":"repeat","background-position":"center center","background-size":"auto","background-attachment":"scroll","background-type":"","background-media":"","overlay-type":"","overlay-color":"","overlay-opacity":"","overlay-gradient":""}},"ast-content-background-meta":{"desktop":{"background-color":"var(--ast-global-color-5)","background-image":"","background-repeat":"repeat","background-position":"center center","background-size":"auto","background-attachment":"scroll","background-type":"","background-media":"","overlay-type":"","overlay-color":"","overlay-opacity":"","overlay-gradient":""},"tablet":{"background-color":"var(--ast-global-color-5)","background-image":"","background-repeat":"repeat","background-position":"center center","background-size":"auto","background-attachment":"scroll","background-type":"","background-media":"","overlay-type":"","overlay-color":"","overlay-opacity":"","overlay-gradient":""},"mobile":{"background-color":"var(--ast-global-color-5)","background-image":"","background-repeat":"repeat","background-position":"center center","background-size":"auto","background-attachment":"scroll","background-type":"","background-media":"","overlay-type":"","overlay-color":"","overlay-opacity":"","overlay-gradient":""}},"ngg_post_thumbnail":0,"footnotes":""},"class_list":["post-1133","page","type-page","status-publish","hentry"],"_links":{"self":[{"href":"https:\/\/musgerbil.dk\/index.php?rest_route=\/wp\/v2\/pages\/1133"}],"collection":[{"href":"https:\/\/musgerbil.dk\/index.php?rest_route=\/wp\/v2\/pages"}],"about":[{"href":"https:\/\/musgerbil.dk\/index.php?rest_route=\/wp\/v2\/types\/page"}],"author":[{"embeddable":true,"href":"https:\/\/musgerbil.dk\/index.php?rest_route=\/wp\/v2\/users\/1"}],"replies":[{"embeddable":true,"href":"https:\/\/musgerbil.dk\/index.php?rest_route=%2Fwp%2Fv2%2Fcomments&post=1133"}],"version-history":[{"count":10,"href":"https:\/\/musgerbil.dk\/index.php?rest_route=\/wp\/v2\/pages\/1133\/revisions"}],"predecessor-version":[{"id":9586,"href":"https:\/\/musgerbil.dk\/index.php?rest_route=\/wp\/v2\/pages\/1133\/revisions\/9586"}],"up":[{"embeddable":true,"href":"https:\/\/musgerbil.dk\/index.php?rest_route=\/wp\/v2\/pages\/150"}],"wp:attachment":[{"href":"https:\/\/musgerbil.dk\/index.php?rest_route=%2Fwp%2Fv2%2Fmedia&parent=1133"}],"curies":[{"name":"wp","href":"https:\/\/api.w.org\/{rel}","templated":true}]}}